{"id":650,"date":"2017-02-01T14:30:57","date_gmt":"2017-02-01T19:30:57","guid":{"rendered":"http:\/\/207.253.81.77\/?page_id=650"},"modified":"2025-11-28T14:58:34","modified_gmt":"2025-11-28T19:58:34","slug":"formation-en-prevention-et-gestion-de-conflits","status":"publish","type":"page","link":"https:\/\/lagrandeecoledesaffaires.com\/index.php\/formation-en-prevention-et-gestion-de-conflits\/","title":{"rendered":"Formation en Pr\u00e9vention et gestion de conflits"},"content":{"rendered":"<div id=\"pl-650\"  class=\"panel-layout\" ><div id=\"pg-650-0\"  class=\"panel-grid panel-no-style\" ><div id=\"pgc-650-0-0\"  class=\"panel-grid-cell\" ><div id=\"panel-650-0-0-0\" class=\"so-panel widget widget_sow-editor panel-first-child\" data-index=\"0\" ><div\n\t\t\t\n\t\t\tclass=\"so-widget-sow-editor so-widget-sow-editor-base\"\n\t\t\t\n\t\t>\n<div class=\"siteorigin-widget-tinymce textwidget\">\n\t<h1>Transformer une Crise en Opportunit\u00e9<\/h1>\n<p data-path-to-node=\"4\"><span class=\"txtImportant\">La formation \u00ab <b>Pr\u00e9vention et Gestion Strat\u00e9gique des Conflits<\/b> \u00bb est une r\u00e9ponse directe aux d\u00e9fis co\u00fbteux engendr\u00e9s par les tensions organisationnelles. Dans un environnement de changements rapides (fluctuation des march\u00e9s, exigences de productivit\u00e9 accrues, r\u00e9organisations), les conflits \u2013 qu'ils soient latents ou manifestes \u2013 multiplient les pertes quantifiables (baisse de productivit\u00e9, rotation du personnel, litiges aux normes du travail). Cette formation s'adresse aux gestionnaires et aux \u00e9quipes qui reconnaissent la n\u00e9cessit\u00e9 de d\u00e9velopper des <b>comp\u00e9tences humaines<\/b> et un <b>courage manag\u00e9rial sans faille<\/b> pour assurer la r\u00e9tention du personnel et la cr\u00e9dibilit\u00e9 de l'organisation. Elle vise \u00e0 cr\u00e9er un <b>\u00e9tat d\u2019esprit agile<\/b> capable de transformer ces d\u00e9fis en de r\u00e9elles opportunit\u00e9s de croissance, car <b>DEMAIN, C\u2019EST AUJOURD\u2019HUI<\/b> en mati\u00e8re de prise de d\u00e9cision.<\/span><\/p>\n<p data-path-to-node=\"5\">S'inspirant des recherches les plus pouss\u00e9es en <b>psychologie du travail<\/b> et en <b>m\u00e9diation<\/b>, ce programme propose une approche concr\u00e8te et \u00e9prouv\u00e9e pour g\u00e9rer les relations interpersonnelles et transactionnelles. L'objectif principal est de fournir aux participants les outils pour <b>trouver rapidement des solutions r\u00e9elles et gagnantes<\/b> aux conflits. Le r\u00e9sultat est une \u00e9quipe plus <b>soud\u00e9e, confiante et efficace<\/b>, capable de surmonter n'importe quel d\u00e9fi. En comprenant les sources potentielles de tension, les participants apprennent \u00e0 les pr\u00e9venir, mais aussi \u00e0 utiliser le conflit comme un catalyseur pour consolider l'\u00e9quipe et atteindre des objectifs communs. Offerte en entreprise, elle est adapt\u00e9e aux situations complexes qui mettraient en p\u00e9ril la performance de votre organisation.<\/p>\n<\/div>\n<\/div><\/div><div id=\"panel-650-0-0-1\" class=\"so-panel widget widget_sow-editor\" data-index=\"1\" ><div class=\"so-rounded panel-widget-style panel-widget-style-for-650-0-0-1\" ><div\n\t\t\t\n\t\t\tclass=\"so-widget-sow-editor so-widget-sow-editor-base\"\n\t\t\t\n\t\t>\n<div class=\"siteorigin-widget-tinymce textwidget\">\n\t<h2>Avantages Cl\u00e9s de la Formation<\/h2>\n<ul data-path-to-node=\"7\">\n<li>\n<p data-path-to-node=\"7,0,0\"><b>R\u00e9duction des Co\u00fbts Cach\u00e9s :<\/b> Diminution significative des pertes li\u00e9es \u00e0 la faible productivit\u00e9, \u00e0 la rotation du personnel, aux griefs et aux litiges.<\/p>\n<\/li>\n<li>\n<p data-path-to-node=\"7,1,0\"><b>Transformation du Conflit :<\/b> Acqu\u00e9rir les habilet\u00e9s pour <b>transformer une crise en opportunit\u00e9<\/b> de croissance, de consolidation d\u2019\u00e9quipe et d'innovation.<\/p>\n<\/li>\n<li>\n<p data-path-to-node=\"7,2,0\"><b>R\u00e9tention Am\u00e9lior\u00e9e :<\/b> D\u00e9velopper le <b>leadership et les habilet\u00e9s en communication<\/b> n\u00e9cessaires pour motiver, valoriser et fid\u00e9liser le personnel.<\/p>\n<\/li>\n<li>\n<p data-path-to-node=\"7,3,0\"><b>Comp\u00e9tences Manag\u00e9riales Renforc\u00e9es :<\/b> Obtenir des conseils pointus et concrets pour <b>n\u00e9gocier<\/b> et g\u00e9rer les luttes de pouvoir et les r\u00e9sistances.<\/p>\n<\/li>\n<li>\n<p data-path-to-node=\"7,4,0\"><b>Approche \u00c9prouv\u00e9e et Valid\u00e9e :<\/b> B\u00e9n\u00e9ficier d'une formation inspir\u00e9e de la <b>psychologie du travail et de la m\u00e9diation<\/b>, assurant des connaissances valid\u00e9es dans la pratique.<\/p>\n<\/li>\n<li>\n<p data-path-to-node=\"7,5,0\"><b>Soudures d'\u00c9quipe :<\/b> Cr\u00e9er un groupe plus efficace et <b>soud\u00e9<\/b> apr\u00e8s avoir surmont\u00e9 une crise g\u00e9r\u00e9e avec succ\u00e8s.<\/p>\n<\/li>\n<li>\n<p data-path-to-node=\"7,6,0\"><b>Reconnaissance et Subventions :<\/b> Obtention d'une attestation de 5 heures UFC, reconnue par <b>Emploi Qu\u00e9bec<\/b> (depuis 30 ans) et admissible aupr\u00e8s de la majorit\u00e9 des Ordres professionnels, dont l'Ordre des Ing\u00e9nieurs du Qu\u00e9bec.<\/p>\n<\/li>\n<\/ul>\n<\/div>\n<\/div><\/div><\/div><div id=\"panel-650-0-0-2\" class=\"so-panel widget widget_sow-editor panel-last-child\" data-index=\"2\" ><div\n\t\t\t\n\t\t\tclass=\"so-widget-sow-editor so-widget-sow-editor-base\"\n\t\t\t\n\t\t>\n<div class=\"siteorigin-widget-tinymce textwidget\">\n\t<h2>Une Approche Adapt\u00e9e et Strat\u00e9gique pour votre Organisation<\/h2>\n<p data-path-to-node=\"9\">Notre formation en <b>Pr\u00e9vention et Gestion de Conflits<\/b> est un investissement strat\u00e9gique offert exclusivement <b>en entreprise<\/b> (et disponible partout au Canada et en Europe) afin de garantir une adaptation maximale \u00e0 votre contexte sp\u00e9cifique. Nous offrons des sessions flexibles (1 ou 2 jours, ou deux capsules de 2,5 heures chacune) avec des <b>exercices d\u2019analyse de situations conflictuelles r\u00e9elles<\/b> et la mise en place de solutions concr\u00e8tes.<\/p>\n<p data-path-to-node=\"10\">En choisissant La Grande \u00c9cole des Affaires, reconnue pour son expertise et son admissibilit\u00e9 \u00e0 tous les programmes de subvention du Gouvernement pour la formation de la main-d\u2019\u0153uvre, vous vous assurez d'un <b>r\u00e9sultat positif garanti<\/b>. Ne laissez plus les conflits latents menacer votre performance. Prenez une d\u00e9cision courageuse et <b>sachez vous r\u00e9inventer<\/b>.<\/p>\n<\/div>\n<\/div><\/div><\/div><div id=\"pgc-650-0-1\"  class=\"panel-grid-cell\" ><div id=\"panel-650-0-1-0\" class=\"so-panel widget widget_sow-editor panel-first-child\" data-index=\"3\" ><div\n\t\t\t\n\t\t\tclass=\"so-widget-sow-editor so-widget-sow-editor-base\"\n\t\t\t\n\t\t>\n<div class=\"siteorigin-widget-tinymce textwidget\">\n\t<p><img loading=\"lazy\" decoding=\"async\" class=\"alignleft size-full wp-image-10287\" src=\"https:\/\/lagrandeecoledesaffaires.com\/wp-content\/uploads\/2025\/11\/Prevention-et-gestion-de-conflits.png\" alt=\"\" width=\"1024\" height=\"748\" srcset=\"https:\/\/lagrandeecoledesaffaires.com\/wp-content\/uploads\/2025\/11\/Prevention-et-gestion-de-conflits.png 1024w, https:\/\/lagrandeecoledesaffaires.com\/wp-content\/uploads\/2025\/11\/Prevention-et-gestion-de-conflits-300x219.png 300w, https:\/\/lagrandeecoledesaffaires.com\/wp-content\/uploads\/2025\/11\/Prevention-et-gestion-de-conflits-768x561.png 768w\" sizes=\"auto, (max-width: 1024px) 100vw, 1024px\" \/><\/p>\n<\/div>\n<\/div><\/div><div id=\"panel-650-0-1-1\" class=\"so-panel widget widget_sow-editor\" data-index=\"4\" ><div\n\t\t\t\n\t\t\tclass=\"so-widget-sow-editor so-widget-sow-editor-base\"\n\t\t\t\n\t\t>\n<div class=\"siteorigin-widget-tinymce textwidget\">\n\t<div id='event_wrapper'><div id='event_search_code' style='display:none;' data='category_identifier=gestion-des-conflits-1486068692&css_class=&event_category_id=&staff_id=&allow_override=0&show_expired=false&show_secondary=false&show_deleted=false&show_recurrence=true&limit=0&order_by=NULL&sort=&events_per_page=50&num_page_links_to_display=10&exclude_closed_events=false'><\/div><div id='event_container_pagination' ><div id='event_content' class='event_content'>Aucun \u00e9v\u00e9nement n'est disponible...<\/div><\/div><\/div>\n<p>&nbsp;<\/p>\n<p><a class=\"button\" href=\"https:\/\/lagrandeecoledesaffaires.com\/index.php\/en-entreprise\/\">Formation en entreprise disponible<\/a><\/p>\n<\/div>\n<\/div><\/div><div id=\"panel-650-0-1-2\" class=\"so-panel widget widget_sow-editor\" data-index=\"5\" ><div\n\t\t\t\n\t\t\tclass=\"so-widget-sow-editor so-widget-sow-editor-base\"\n\t\t\t\n\t\t>\n<div class=\"siteorigin-widget-tinymce textwidget\">\n\t<h2><\/h2>\n<h2>Cette formation vous int\u00e9resse ?<br \/>\nContactez-nous<\/h2>\n<\/div>\n<\/div><\/div><div id=\"panel-650-0-1-3\" class=\"so-panel widget widget_sow-contact-form panel-last-child\" data-index=\"6\" ><div\n\t\t\t\n\t\t\tclass=\"so-widget-sow-contact-form so-widget-sow-contact-form-default-27da056a8e04-650\"\n\t\t\t\n\t\t>\t<form\n\t\taction=\"\/index.php\/wp-json\/wp\/v2\/pages\/650\"\n\t\tmethod=\"POST\"\n\t\tclass=\"sow-contact-form\"\n\t\tid=\"contact-form-ebce\"\n\t>\n\n\t\t\n\t\t            <p><em>Les champs marqu\u00e9s d\u2019un * sont obligatoires<\/em><\/p>\n\t\t\t\t\t\t<div class=\"sow-form-field sow-form-field-name\">\n\t\t\t\t\t\t\t\t<div class=\"sow-field-container\">\n\t\t\t\t\t\t\t<input\n\t\t\ttype=\"text\"\n\t\t\tname=\"votre-nom-1\"\n\t\t\tid=\"sow-contact-form-field-votre-nom-1\"\n\t\t\tvalue=\"\"\n\t\t\tclass=\"sow-text-field\"\n\t\t\tplaceholder=\"Votre nom*\"\t\t\t\t\t\/>\n\t\t\t\t\t\t<\/div>\n\t\t\t\t\t\t\t<\/div>\n\t\t\t\t\t\t<div class=\"sow-form-field sow-form-field-email\">\n\t\t\t\t\t\t\t\t<div class=\"sow-field-container\">\n\t\t\t\t\t\t\t<input\n\t\t\ttype=\"email\"\n\t\t\tname=\"votre-adresse-de-messagerie-1\"\n\t\t\tid=\"sow-contact-form-field-votre-adresse-de-messagerie-1\"\n\t\t\tvalue=\"\"\n\t\t\tclass=\"sow-text-field\"placeholder=\"Votre adresse de messagerie*\"\t\t\t\t\t\t\t\t\/>\n\t\t\t\t\t\t<\/div>\n\t\t\t\t\t\t\t<\/div>\n\t\t\t\t\t\t<div class=\"sow-form-field sow-form-field-textarea\">\n\t\t\t\t\t\t\t\t<div class=\"sow-field-container\">\n\t\t\t\t\t\t\t<textarea\n\t\t\tname=\"message-1\"\n\t\t\tid=\"sow-contact-form-field-message-1\"\n\t\t\trows=\"10\"\n\t\t\tplaceholder=\"Message*\"\t\t\t\t\t><\/textarea>\n\t\t\t\t\t\t<\/div>\n\t\t\t\t\t\t\t<\/div>\n\t\t\t\n\t\t\n\t\t<div class=\"sow-submit-wrapper \n\t\tsow-submit-styled\t\t\">\n\n\t\t\t<button\n\t\t\t\ttype=\"submit\"\n\t\t\t\tclass=\"sow-submit\n\t\t\t\t\t\t\t\t\"\n\t\t\t\t\t\t\t>\n\t\t\t\tContactez-nous\t\t\t<\/button>\n\t\t<\/div>\n\t\t\t\t<input\n\t\t\ttype=\"hidden\"\n\t\t\tname=\"instance_hash-1\"\n\t\t\tvalue=\"ebcee364\"\n\t\t\/>\n\n\t\t<input type=\"hidden\" id=\"_wpnonce\" name=\"_wpnonce\" value=\"2ffb9885ef\" \/><input type=\"hidden\" name=\"_wp_http_referer\" value=\"\/index.php\/wp-json\/wp\/v2\/pages\/650\" \/>\t<\/form>\n\t<\/div><\/div><\/div><\/div><\/div>","protected":false},"excerpt":{"rendered":"<p>Transformer une Crise en Opportunit\u00e9 La formation \u00ab Pr\u00e9vention et Gestion Strat\u00e9gique des Conflits \u00bb est une r\u00e9ponse directe aux d\u00e9fis co\u00fbteux engendr\u00e9s par les tensions organisationnelles. Dans un environnement de changements rapides (fluctuation des march\u00e9s, exigences de productivit\u00e9 accrues, r\u00e9organisations), les conflits \u2013 qu&rsquo;ils soient latents ou manifestes \u2013 multiplient les pertes quantifiables (baisse&hellip;&nbsp;<\/p>\n","protected":false},"author":1,"featured_media":806,"parent":0,"menu_order":0,"comment_status":"closed","ping_status":"closed","template":"","meta":{"neve_meta_sidebar":"","neve_meta_container":"","neve_meta_enable_content_width":"off","neve_meta_content_width":100,"neve_meta_title_alignment":"","neve_meta_author_avatar":"","neve_post_elements_order":"","neve_meta_disable_header":"","neve_meta_disable_footer":"","neve_meta_disable_title":"","footnotes":""},"class_list":["post-650","page","type-page","status-publish","has-post-thumbnail","hentry"],"_links":{"self":[{"href":"https:\/\/lagrandeecoledesaffaires.com\/index.php\/wp-json\/wp\/v2\/pages\/650","targetHints":{"allow":["GET"]}}],"collection":[{"href":"https:\/\/lagrandeecoledesaffaires.com\/index.php\/wp-json\/wp\/v2\/pages"}],"about":[{"href":"https:\/\/lagrandeecoledesaffaires.com\/index.php\/wp-json\/wp\/v2\/types\/page"}],"author":[{"embeddable":true,"href":"https:\/\/lagrandeecoledesaffaires.com\/index.php\/wp-json\/wp\/v2\/users\/1"}],"replies":[{"embeddable":true,"href":"https:\/\/lagrandeecoledesaffaires.com\/index.php\/wp-json\/wp\/v2\/comments?post=650"}],"version-history":[{"count":31,"href":"https:\/\/lagrandeecoledesaffaires.com\/index.php\/wp-json\/wp\/v2\/pages\/650\/revisions"}],"predecessor-version":[{"id":10289,"href":"https:\/\/lagrandeecoledesaffaires.com\/index.php\/wp-json\/wp\/v2\/pages\/650\/revisions\/10289"}],"wp:featuredmedia":[{"embeddable":true,"href":"https:\/\/lagrandeecoledesaffaires.com\/index.php\/wp-json\/wp\/v2\/media\/806"}],"wp:attachment":[{"href":"https:\/\/lagrandeecoledesaffaires.com\/index.php\/wp-json\/wp\/v2\/media?parent=650"}],"curies":[{"name":"wp","href":"https:\/\/api.w.org\/{rel}","templated":true}]}}