{"id":4308,"date":"2020-05-12T14:55:05","date_gmt":"2020-05-12T18:55:05","guid":{"rendered":"https:\/\/lagrandeecoledesaffaires.com\/?page_id=4308"},"modified":"2020-05-12T15:19:42","modified_gmt":"2020-05-12T19:19:42","slug":"prise-de-presence-a-une-formation-a-distance","status":"publish","type":"page","link":"https:\/\/lagrandeecoledesaffaires.com\/index.php\/prise-de-presence-a-une-formation-a-distance\/","title":{"rendered":"Prise de pr\u00e9sence a une formation a distance"},"content":{"rendered":"<p>Pr\u00e9sence au d\u00e9but de la formation:<br \/>\n<a class=\"btn btn-primary fp-button\" href=\"https:\/\/lagrandeecoledesaffaires.com\/index.php\/presence-a-une-formation\/\">Pr\u00e9sence &#8211; d\u00e9but de formation<\/a><\/p>\n<p>Pr\u00e9sence \u00e0 la fin du cours :<br \/>\n<a class=\"btn btn-primary fp-button\" href=\"https:\/\/lagrandeecoledesaffaires.com\/index.php\/presence-a-une-formation-2\/\">Pr\u00e9sence &#8211; fin de formation<\/a><\/p>\n","protected":false},"excerpt":{"rendered":"<p>Pr\u00e9sence au d\u00e9but de la formation: Pr\u00e9sence &#8211; d\u00e9but de formation Pr\u00e9sence \u00e0 la fin du cours : Pr\u00e9sence &#8211; fin de formation<\/p>\n","protected":false},"author":1,"featured_media":0,"parent":0,"menu_order":0,"comment_status":"closed","ping_status":"closed","template":"","meta":{"neve_meta_sidebar":"","neve_meta_container":"","neve_meta_enable_content_width":"","neve_meta_content_width":0,"neve_meta_title_alignment":"","neve_meta_author_avatar":"","neve_post_elements_order":"","neve_meta_disable_header":"","neve_meta_disable_footer":"","neve_meta_disable_title":"","footnotes":""},"class_list":["post-4308","page","type-page","status-publish","hentry"],"_links":{"self":[{"href":"https:\/\/lagrandeecoledesaffaires.com\/index.php\/wp-json\/wp\/v2\/pages\/4308","targetHints":{"allow":["GET"]}}],"collection":[{"href":"https:\/\/lagrandeecoledesaffaires.com\/index.php\/wp-json\/wp\/v2\/pages"}],"about":[{"href":"https:\/\/lagrandeecoledesaffaires.com\/index.php\/wp-json\/wp\/v2\/types\/page"}],"author":[{"embeddable":true,"href":"https:\/\/lagrandeecoledesaffaires.com\/index.php\/wp-json\/wp\/v2\/users\/1"}],"replies":[{"embeddable":true,"href":"https:\/\/lagrandeecoledesaffaires.com\/index.php\/wp-json\/wp\/v2\/comments?post=4308"}],"version-history":[{"count":4,"href":"https:\/\/lagrandeecoledesaffaires.com\/index.php\/wp-json\/wp\/v2\/pages\/4308\/revisions"}],"predecessor-version":[{"id":4320,"href":"https:\/\/lagrandeecoledesaffaires.com\/index.php\/wp-json\/wp\/v2\/pages\/4308\/revisions\/4320"}],"wp:attachment":[{"href":"https:\/\/lagrandeecoledesaffaires.com\/index.php\/wp-json\/wp\/v2\/media?parent=4308"}],"curies":[{"name":"wp","href":"https:\/\/api.w.org\/{rel}","templated":true}]}}

Prise de présence a une formation a distance

<p>Présence au début de la formation:<br />
<a class="btn btn-primary fp-button" href="https://lagrandeecoledesaffaires.com/index.php/presence-a-une-formation/">Présence &#8211; début de formation</a></p>
<p>Présence à la fin du cours :<br />
<a class="btn btn-primary fp-button" href="https://lagrandeecoledesaffaires.com/index.php/presence-a-une-formation-2/">Présence &#8211; fin de formation</a></p>

<p>Présence au début de la formation: Présence &#8211; début de formation Présence à la fin du cours : Présence &#8211; fin de formation</p>
