{"id":2464,"date":"2018-10-10T15:53:07","date_gmt":"2018-10-10T19:53:07","guid":{"rendered":"https:\/\/lagrandeecoledesaffaires.com\/?page_id=2464"},"modified":"2020-07-18T13:07:57","modified_gmt":"2020-07-18T17:07:57","slug":"location-du-chalet-corporatif","status":"publish","type":"page","link":"https:\/\/lagrandeecoledesaffaires.com\/index.php\/location-du-chalet-corporatif\/","title":{"rendered":"Location du chalet corporatif"},"content":{"rendered":"<p><strong><img loading=\"lazy\" decoding=\"async\" class=\"aligncenter wp-image-2475 size-full\" src=\"https:\/\/lagrandeecoledesaffaires.com\/wp-content\/uploads\/2018\/10\/Chalet_salon.jpg\" alt=\"\" width=\"1239\" height=\"642\" srcset=\"https:\/\/lagrandeecoledesaffaires.com\/wp-content\/uploads\/2018\/10\/Chalet_salon.jpg 1239w, https:\/\/lagrandeecoledesaffaires.com\/wp-content\/uploads\/2018\/10\/Chalet_salon-300x155.jpg 300w, https:\/\/lagrandeecoledesaffaires.com\/wp-content\/uploads\/2018\/10\/Chalet_salon-768x398.jpg 768w, https:\/\/lagrandeecoledesaffaires.com\/wp-content\/uploads\/2018\/10\/Chalet_salon-1024x531.jpg 1024w, https:\/\/lagrandeecoledesaffaires.com\/wp-content\/uploads\/2018\/10\/Chalet_salon-600x311.jpg 600w\" sizes=\"auto, (max-width: 1239px) 100vw, 1239px\" \/><\/strong><\/p>\n<h2><strong>Le Panoramique et Les Jardins<\/strong><\/h2>\n<p>La propri\u00e9t\u00e9 qui appartient \u00e0 La Grande \u00c9cole des Affaires est situ\u00e9e au 650 Boulevard Sainte- Ad\u00e8le, Sainte Ad\u00e8le au centre-ville sur un terrain bois\u00e9 sur\u00e9lev\u00e9 avec une vue \u00e0 30 kilom\u00e8tres. \u00c0 2 minutes de marche du St-Hubert, Tim Horton, SAQ, Metro, Uniprix, Dolorama,centre achat, 20 restaurants, cin\u00e9ma, th\u00e9\u00e2tre, autobus inter-municipal \u00e0 la porte. Stationnement asphalt\u00e9 pour 8 automobiles.<\/p>\n<p>Sortie autoroute \u00e0 1 minute, St Sauveur \u00e0 8 minutes avec glissade d&rsquo;eau et centres de ski, St-J\u00e9r\u00f4me \u00e0 15 minutes, Laval \u00e0 40 minutes. La piste cyclable, ski de fond, raquette , tennis, p\u00eache rivi\u00e8re du nord, plage municipale du Lac Rond ,location \u00e9quipement sur le Petit Train du Nord est \u00e0 8 minutes de marche. S<span style=\"font-weight: inherit;\">i vous d\u00e9sirez faire un travail entre coll\u00e8gues avec objectifs et renforcement de l&rsquo;esprit \u00e9quipe c&rsquo;est la destination. <\/span><\/p>\n<p><span style=\"font-weight: inherit;\">Les Chutes de la Doncaster avec d\u00e9fi escalade \u00e0 8 minutes en voiture, 5 golfs et 6 stations de ski \u00e0 5 minutes en voiture. <em><strong>Le co\u00fbt des activit\u00e9s est la moiti\u00e9 de Mont-Tremblant et vous serez surpris de leur qualit\u00e9.<\/strong><\/em><\/span><\/p>\n<p>La propri\u00e9t\u00e9 est constitu\u00e9 de 2 unit\u00e9s jumel\u00e9es, compl\u00e8tement autonomes pouvant accueillir 8 personnes en\u00a0 double et 5 en simple chacune pour un total de 10 \u00e0 16. L&rsquo;immeuble \u00e0 \u00e9t\u00e9 refait a neuf en 2017 et tout le mobilier haut de gamme est neuf. Tout \u00e9quip\u00e9 en neuf comme dans votre maison ou votre cuisine, literie fournis. Notre niveau de satisfaction est de 9.2 \u00e0 9.8 sur toutes les cat\u00e9gories de l&rsquo;\u00e9valuation.<\/p>\n<p><strong>Le site est id\u00e9al pour des meeting d&rsquo;affaire, lac \u00e0 l&rsquo;\u00e9paule, brainstorming, formations de tout genre ou caucus . Nous avons 2 t\u00e9l\u00e9visions \u00e0 \u00e9cran plat et 2 \u00e9crans de projection. Les 2 tables de salle \u00e0 manger peuvent accueillir 8 personnes chacune. Beaucoup d&rsquo;espace et 2 terrasses ext\u00e9rieures.<\/strong><\/p>\n<p><strong><span style=\"color: #ff0000;\">Nous offrons pr\u00e9sentement les 2 unit\u00e9s du chalet pour des locations vacance de <span style=\"color: #0000ff;\">2\u00a0jours minimum.<\/span> Ces 2 unit\u00e9s peuvent accommoder de 6 a 8 personnes chacune.<\/span><\/strong><\/p>\n<p>Caf\u00e9 et muffins au Tim Horton le matin \u00e0 1 minute de marche, Nickel, St Hubert, SAQ ou fruits frais au M\u00e9tro voisin du Tim Horton.<\/p>\n<p>Taux de location pour meeting d&rsquo;affaires sur demande ou pour des vacances personnelles. Si vous prenez un professeur de La Grande \u00c9cole des Affaires pour une formation sur un sujet donn\u00e9e par l&rsquo;\u00e9cole vous ne payez que les taxes et le m\u00e9nage.<\/p>\n<h2 style=\"text-align: center;\"><a href=\"https:\/\/lagrandeecoledesaffaires.com\/wp-content\/uploads\/2018\/10\/Presentation-chalet-Ste-Adele.pdf\" target=\"_blank\" rel=\"noopener noreferrer\"><span style=\"color: #ff0000;\">Voir brochure descriptive avec photos<\/span><\/a>\u00a0(fichier PDF)<\/h2>\n<p>&nbsp;<\/p>\n<h2><em><strong><span style=\"color: #ff0000;\">Vacanciers: location minimum 2 jours ,+ 85.$ de frais de m\u00e9nage par s\u00e9jour.<\/span><\/strong><\/em><\/h2>\n<p><span style=\"color: #0000ff;\"><em><strong>Tarif actuel<\/strong><\/em><\/span><\/p>\n<p><em><strong><span style=\"color: #ff0000;\">Le Panoramique 229,$ par jour + taxes<\/span><\/strong><\/em><\/p>\n<p><em><strong><span style=\"color: #ff0000;\">Les Jardins 200,$ par jour + taxes<\/span><\/strong><\/em><\/p>\n<p><span style=\"color: #0000ff;\"><em><strong>Du 20 d\u00e9cembre au 6 janvier<\/strong><\/em><\/span><\/p>\n<p><em><strong><span style=\"color: #ff0000;\">Le Panoramique 299,$ + taxes<\/span><\/strong><\/em><\/p>\n<p><em><strong><span style=\"color: #ff0000;\">Les Jardins 249,$ + Taxes<\/span><\/strong><\/em><\/p>\n<p><em><strong><span style=\"color: #ff0000;\">Consid\u00e9rant la qualit\u00e9 de l&rsquo;habitation et de l&rsquo;\u00e9quipement nous demandons un d\u00e9p\u00f4t de garantie de 500, $ remboursable quand l&rsquo;\u00e9quipe de m\u00e9nage confirme l&rsquo;\u00e9tat des lieux. Remboursement dans les 48 heures.<\/span><\/strong><\/em><\/p>\n<p><span style=\"color: #0000ff;\"><em><strong>Nous acceptons Visa, Mastercard, Americanexpres , Discover<\/strong><\/em><\/span><\/p>\n<p><strong>Une vacance abordable dans un environnement privil\u00e9gi\u00e9.<\/strong><\/p>\n<p>France Latreille ou Raymond Guy<\/p>\n<p>514 212 5763<\/p>\n<p>450 335 1775<\/p>\n<p>info@lagrandeecoledesaffaires.com<\/p>\n<p>www.lagrandeecoledesaffaires.com<\/p>\n<h2><\/h2>\n","protected":false},"excerpt":{"rendered":"<p>Le Panoramique et Les Jardins La propri\u00e9t\u00e9 qui appartient \u00e0 La Grande \u00c9cole des Affaires est situ\u00e9e au 650 Boulevard Sainte- Ad\u00e8le, Sainte Ad\u00e8le au centre-ville sur un terrain bois\u00e9 sur\u00e9lev\u00e9 avec une vue \u00e0 30 kilom\u00e8tres. \u00c0 2 minutes de marche du St-Hubert, Tim Horton, SAQ, Metro, Uniprix, Dolorama,centre achat, 20 restaurants, cin\u00e9ma, th\u00e9\u00e2tre,&hellip;&nbsp;<\/p>\n","protected":false},"author":1,"featured_media":2475,"parent":0,"menu_order":0,"comment_status":"closed","ping_status":"closed","template":"","meta":{"neve_meta_sidebar":"","neve_meta_container":"","neve_meta_enable_content_width":"","neve_meta_content_width":0,"neve_meta_title_alignment":"","neve_meta_author_avatar":"","neve_post_elements_order":"","neve_meta_disable_header":"","neve_meta_disable_footer":"","neve_meta_disable_title":"","footnotes":""},"class_list":["post-2464","page","type-page","status-publish","has-post-thumbnail","hentry"],"_links":{"self":[{"href":"https:\/\/lagrandeecoledesaffaires.com\/index.php\/wp-json\/wp\/v2\/pages\/2464","targetHints":{"allow":["GET"]}}],"collection":[{"href":"https:\/\/lagrandeecoledesaffaires.com\/index.php\/wp-json\/wp\/v2\/pages"}],"about":[{"href":"https:\/\/lagrandeecoledesaffaires.com\/index.php\/wp-json\/wp\/v2\/types\/page"}],"author":[{"embeddable":true,"href":"https:\/\/lagrandeecoledesaffaires.com\/index.php\/wp-json\/wp\/v2\/users\/1"}],"replies":[{"embeddable":true,"href":"https:\/\/lagrandeecoledesaffaires.com\/index.php\/wp-json\/wp\/v2\/comments?post=2464"}],"version-history":[{"count":20,"href":"https:\/\/lagrandeecoledesaffaires.com\/index.php\/wp-json\/wp\/v2\/pages\/2464\/revisions"}],"predecessor-version":[{"id":4508,"href":"https:\/\/lagrandeecoledesaffaires.com\/index.php\/wp-json\/wp\/v2\/pages\/2464\/revisions\/4508"}],"wp:featuredmedia":[{"embeddable":true,"href":"https:\/\/lagrandeecoledesaffaires.com\/index.php\/wp-json\/wp\/v2\/media\/2475"}],"wp:attachment":[{"href":"https:\/\/lagrandeecoledesaffaires.com\/index.php\/wp-json\/wp\/v2\/media?parent=2464"}],"curies":[{"name":"wp","href":"https:\/\/api.w.org\/{rel}","templated":true}]}}

<p><strong><img loading="lazy" decoding="async" class="aligncenter wp-image-2475 size-full" src="https://lagrandeecoledesaffaires.com/wp-content/uploads/2018/10/Chalet_salon.jpg" alt="" width="1239" height="642" srcset="https://lagrandeecoledesaffaires.com/wp-content/uploads/2018/10/Chalet_salon.jpg 1239w, https://lagrandeecoledesaffaires.com/wp-content/uploads/2018/10/Chalet_salon-300x155.jpg 300w, https://lagrandeecoledesaffaires.com/wp-content/uploads/2018/10/Chalet_salon-768x398.jpg 768w, https://lagrandeecoledesaffaires.com/wp-content/uploads/2018/10/Chalet_salon-1024x531.jpg 1024w, https://lagrandeecoledesaffaires.com/wp-content/uploads/2018/10/Chalet_salon-600x311.jpg 600w" sizes="auto, (max-width: 1239px) 100vw, 1239px" /></strong></p>
<h2><strong>Le Panoramique et Les Jardins</strong></h2>
<p>La propriété qui appartient à La Grande École des Affaires est située au 650 Boulevard Sainte- Adèle, Sainte Adèle au centre-ville sur un terrain boisé surélevé avec une vue à 30 kilomètres. À 2 minutes de marche du St-Hubert, Tim Horton, SAQ, Metro, Uniprix, Dolorama,centre achat, 20 restaurants, cinéma, théâtre, autobus inter-municipal à la porte. Stationnement asphalté pour 8 automobiles.</p>
<p>Sortie autoroute à 1 minute, St Sauveur à 8 minutes avec glissade d&rsquo;eau et centres de ski, St-Jérôme à 15 minutes, Laval à 40 minutes. La piste cyclable, ski de fond, raquette , tennis, pêche rivière du nord, plage municipale du Lac Rond ,location équipement sur le Petit Train du Nord est à 8 minutes de marche. S<span style="font-weight: inherit;">i vous désirez faire un travail entre collègues avec objectifs et renforcement de l&rsquo;esprit équipe c&rsquo;est la destination. </span></p>
<p><span style="font-weight: inherit;">Les Chutes de la Doncaster avec défi escalade à 8 minutes en voiture, 5 golfs et 6 stations de ski à 5 minutes en voiture. <em><strong>Le coût des activités est la moitié de Mont-Tremblant et vous serez surpris de leur qualité.</strong></em></span></p>
<p>La propriété est constitué de 2 unités jumelées, complètement autonomes pouvant accueillir 8 personnes en  double et 5 en simple chacune pour un total de 10 à 16. L&rsquo;immeuble à été refait a neuf en 2017 et tout le mobilier haut de gamme est neuf. Tout équipé en neuf comme dans votre maison ou votre cuisine, literie fournis. Notre niveau de satisfaction est de 9.2 à 9.8 sur toutes les catégories de l&rsquo;évaluation.</p>
<p><strong>Le site est idéal pour des meeting d&rsquo;affaire, lac à l&rsquo;épaule, brainstorming, formations de tout genre ou caucus . Nous avons 2 télévisions à écran plat et 2 écrans de projection. Les 2 tables de salle à manger peuvent accueillir 8 personnes chacune. Beaucoup d&rsquo;espace et 2 terrasses extérieures.</strong></p>
<p><strong><span style="color: #ff0000;">Nous offrons présentement les 2 unités du chalet pour des locations vacance de <span style="color: #0000ff;">2 jours minimum.</span> Ces 2 unités peuvent accommoder de 6 a 8 personnes chacune.</span></strong></p>
<p>Café et muffins au Tim Horton le matin à 1 minute de marche, Nickel, St Hubert, SAQ ou fruits frais au Métro voisin du Tim Horton.</p>
<p>Taux de location pour meeting d&rsquo;affaires sur demande ou pour des vacances personnelles. Si vous prenez un professeur de La Grande École des Affaires pour une formation sur un sujet donnée par l&rsquo;école vous ne payez que les taxes et le ménage.</p>
<h2 style="text-align: center;"><a href="https://lagrandeecoledesaffaires.com/wp-content/uploads/2018/10/Presentation-chalet-Ste-Adele.pdf" target="_blank" rel="noopener noreferrer"><span style="color: #ff0000;">Voir brochure descriptive avec photos</span></a> (fichier PDF)</h2>
<p>&nbsp;</p>
<h2><em><strong><span style="color: #ff0000;">Vacanciers: location minimum 2 jours ,+ 85.$ de frais de ménage par séjour.</span></strong></em></h2>
<p><span style="color: #0000ff;"><em><strong>Tarif actuel</strong></em></span></p>
<p><em><strong><span style="color: #ff0000;">Le Panoramique 229,$ par jour + taxes</span></strong></em></p>
<p><em><strong><span style="color: #ff0000;">Les Jardins 200,$ par jour + taxes</span></strong></em></p>
<p><span style="color: #0000ff;"><em><strong>Du 20 décembre au 6 janvier</strong></em></span></p>
<p><em><strong><span style="color: #ff0000;">Le Panoramique 299,$ + taxes</span></strong></em></p>
<p><em><strong><span style="color: #ff0000;">Les Jardins 249,$ + Taxes</span></strong></em></p>
<p><em><strong><span style="color: #ff0000;">Considérant la qualité de l&rsquo;habitation et de l&rsquo;équipement nous demandons un dépôt de garantie de 500, $ remboursable quand l&rsquo;équipe de ménage confirme l&rsquo;état des lieux. Remboursement dans les 48 heures.</span></strong></em></p>
<p><span style="color: #0000ff;"><em><strong>Nous acceptons Visa, Mastercard, Americanexpres , Discover</strong></em></span></p>
<p><strong>Une vacance abordable dans un environnement privilégié.</strong></p>
<p>France Latreille ou Raymond Guy</p>
<p>514 212 5763</p>
<p>450 335 1775</p>
<p>info@lagrandeecoledesaffaires.com</p>
<p>www.lagrandeecoledesaffaires.com</p>
<h2></h2>

<p>Le Panoramique et Les Jardins La propriété qui appartient à La Grande École des Affaires est située au 650 Boulevard Sainte- Adèle, Sainte Adèle au centre-ville sur un terrain boisé surélevé avec une vue à 30 kilomètres. À 2 minutes de marche du St-Hubert, Tim Horton, SAQ, Metro, Uniprix, Dolorama,centre achat, 20 restaurants, cinéma, théâtre,&hellip;&nbsp;</p>
