{"id":1997,"date":"2018-05-15T10:15:24","date_gmt":"2018-05-15T14:15:24","guid":{"rendered":"https:\/\/lagrandeecoledesaffaires.com\/?page_id=1997"},"modified":"2024-09-03T06:53:31","modified_gmt":"2024-09-03T10:53:31","slug":"maitrisez-vous-le-silence","status":"publish","type":"page","link":"https:\/\/lagrandeecoledesaffaires.com\/index.php\/maitrisez-vous-le-silence\/","title":{"rendered":"LA PUISSANCE DE LA MA\u00ceTRISE DU SILENCE"},"content":{"rendered":"<h2><span style=\"color: #333399;\">LA PUISSANCE DE LA MA\u00ceTRISE DU SILENCE VOUS PERMETTRONT DE PROGRESSER RAPIDEMENT DANS VOTRE CHEMINEMENT PERSONNEL ET PROFESSIONNEL. UN OUTIL DE GESTION TR\u00c8S EFFICACE.\u00a0<\/span><\/h2>\n<p><img loading=\"lazy\" decoding=\"async\" class=\"wp-image-8745 aligncenter\" src=\"https:\/\/lagrandeecoledesaffaires.com\/wp-content\/uploads\/2024\/08\/Ecoute-15-avril-300x169.jpg\" alt=\"\" width=\"396\" height=\"223\" srcset=\"https:\/\/lagrandeecoledesaffaires.com\/wp-content\/uploads\/2024\/08\/Ecoute-15-avril-300x169.jpg 300w, https:\/\/lagrandeecoledesaffaires.com\/wp-content\/uploads\/2024\/08\/Ecoute-15-avril-1024x577.jpg 1024w, https:\/\/lagrandeecoledesaffaires.com\/wp-content\/uploads\/2024\/08\/Ecoute-15-avril-768x433.jpg 768w, https:\/\/lagrandeecoledesaffaires.com\/wp-content\/uploads\/2024\/08\/Ecoute-15-avril.jpg 1126w\" sizes=\"auto, (max-width: 396px) 100vw, 396px\" \/><\/p>\n<p><span style=\"color: #333399;\">LES PERSONNES QUE VOUS RESPECTEZ LE PLUS SONT CELLES QUI ONT D\u00c9VELOPP\u00c9 LA CAPACIT\u00c9 D&rsquo;\u00c9COUTE, LE CONTR\u00d4LE DE LEURS \u00c9MOTIONS ET DE L&rsquo;UTISATION DU SILENCE AUX MOMENTS APPROPRI\u00c9S. CELA VOUS PERMETTRA DE MAXIMISER LA NOTION DE RESPECT QUE LES GENS VONT AVOIR \u00c0 VOTRE \u00c9GARD ET VOUS PERMETTRA DE FAIRE DES GAINS APPR\u00c9CIABLES.<\/span><\/p>\n<ul>\n<li>Le silence c&rsquo;est la parole. La grande majorit\u00e9 des personnes ont peur du silence et parlent pour le combler. Celui ou celle qui ma\u00eetrise la puissance du silence a une longueur d&rsquo;avance et devient un communicateur hors pair.<\/li>\n<li><em>Savoir communiquer par le silence plut\u00f4t que par des mots. Le visage et le corps en disent plus long que bien des discours vide\u00a0<\/em><em>de sens.<\/em><\/li>\n<li>Le silence poss\u00e8de une puissance insoup\u00e7onn\u00e9e, une comp\u00e9tence essentielle pour tout leader efficace. L&rsquo;\u00e9coute active consiste \u00e0 saisir le message sous-jacent, les \u00e9motions et les intentions sous attendues.<\/li>\n<li><em>Je ne parle que 30% du temps et laisse le 70% \u00e0 l&rsquo;autre. Quand je parle, je donne de l&rsquo;information. Quand j&rsquo;\u00e9coute j&rsquo;en re\u00e7ois.<\/em><\/li>\n<\/ul>\n<p style=\"padding-left: 90px; text-align: left;\"><strong>\u00a0\u00a0<\/strong><\/p>\n<h1><strong style=\"color: #c70606; font-size: 18px;\"><img loading=\"lazy\" decoding=\"async\" class=\"wp-image-6698 alignnone\" src=\"https:\/\/lagrandeecoledesaffaires.com\/wp-content\/uploads\/2022\/10\/ATTITUDE-relations-interpersonnelles.jpg\" alt=\"\" width=\"487\" height=\"244\" srcset=\"https:\/\/lagrandeecoledesaffaires.com\/wp-content\/uploads\/2022\/10\/ATTITUDE-relations-interpersonnelles.jpg 795w, https:\/\/lagrandeecoledesaffaires.com\/wp-content\/uploads\/2022\/10\/ATTITUDE-relations-interpersonnelles-300x150.jpg 300w, https:\/\/lagrandeecoledesaffaires.com\/wp-content\/uploads\/2022\/10\/ATTITUDE-relations-interpersonnelles-768x384.jpg 768w\" sizes=\"auto, (max-width: 487px) 100vw, 487px\" \/><\/strong><\/h1>\n<h1><span style=\"color: #c70606;\"><strong>\u00a0 \u00a0 \u00a0 \u00a0 \u00a0 \u00a0<\/strong><\/span><\/h1>\n<h1><span style=\"color: #c70606;\"><strong>Cette formation La puissance et ma\u00eetrise du silence vous permettra:<\/strong><\/span><span style=\"color: #c70606;\"><strong>\u00a0<\/strong><\/span><\/h1>\n<ul>\n<li>Les 12 attitudes en ma\u00eetrise du silence<\/li>\n<li>Comment am\u00e9liorer la communication<\/li>\n<li>Les niveaux d&rsquo;\u00e9coute active<\/li>\n<li>3 modes d&rsquo;\u00e9coute \u00e0 \u00e9viter<\/li>\n<li>La ma\u00eetrise du silence implique?<\/li>\n<li>Les sources de conflit<\/li>\n<li>\u00c9viter la rage en utilisant le silence<\/li>\n<li>Le langage du corps<\/li>\n<\/ul>\n<ul>\n<li>Poser les bonnes questions<\/li>\n<li>Reformuler<\/li>\n<li>Refl\u00e9ter les sentiments per\u00e7us chez autrui<\/li>\n<li>Les cl\u00e9s de l&rsquo;\u00e9coute active<\/li>\n<li>Le processus Feedback<\/li>\n<li>Suis-je int\u00e9ressant?<\/li>\n<li>Savoir \u00e9couter<\/li>\n<li>Les niveaux d&rsquo;\u00e9coute<\/li>\n<li>\u00c9coute d\u00e9fensive<\/li>\n<li>\u00c9coute de r\u00e9solution<\/li>\n<li>\u00c9coute de connexion<\/li>\n<li>Les cat\u00e9gories de questions puissantes<\/li>\n<li>10 principes de l&rsquo;\u00e9coute active<\/li>\n<li>10 principes pour une parole active<\/li>\n<\/ul>\n<p><strong><span style=\"color: #333399;\">POUR VOUS INSCRIRE, ALLEZ \u00c0 L&rsquo;ONGLET CALENDRIER<\/span><\/strong><\/p>\n<p><span style=\"color: #000000;\"><em>La Grande \u00c9cole des Affaires se qualifie pour tous les programmes du Gouvernement pour les subventions en formation de la main-d\u2019\u0153uvre depuis 32 ans et est reconnue par la majorit\u00e9 des Ordres professionnels pour l\u2019obtention d\u2019unit\u00e9s de formation continue UFC.\u00a0<\/em><\/span><\/p>\n<h1 class=\"entry-header\"><span style=\"color: #c70606;\"><strong>Vid\u00e9o Conf\u00e9rence, Formation \u00e0 distance<\/strong><\/span><\/h1>\n<header><\/header>\n<header class=\"entry-header\">Choisissez une formation et inscrivez-vous \u00e0 celle qui vous convient. Chaque formation se donne en 2 capsules de 2.5 heures chacune soit de 9 h \u00e0 11h30 et 13h00 \u00e0 15h30. <strong>Vous obtenez une attestation d\u2019\u00e9tudes de 5 heures pour chaque formation. Nous sommes <span style=\"color: #0000ff;\"><span style=\"color: #333399;\">reconnus par\u00a0Emploi<\/span> <span style=\"color: #333399;\">Qu\u00e9bec depuis 32 ans par Emploi Qu\u00e9bec et<\/span><\/span><\/strong><span style=\"color: #333399;\"><strong> l<\/strong><\/span><strong><span style=\"color: #333399;\">a majorit\u00e9 des Ordres professionnels<\/span> pour l\u2019obtention d\u2019unit\u00e9s de formation en continue UFC. <\/strong>\u00a0<\/header>\n<header><\/header>\n<header class=\"entry-header\">PowerPoint de qualit\u00e9 professionnelle lors de la formation.<\/header>\n<header><\/header>\n<header><\/header>\n<header class=\"entry-header\">Nous acceptons Visa, MasterCard, American Express et Discover.<\/header>\n<header class=\"entry-header\"><\/header>\n<header class=\"entry-header\"><u>Apprenez rapidement ce que la vie enseigne en plusieurs ann\u00e9es avec :<\/u><u>\u00a0lagrandeecoledesaffaires.com<\/u><\/header>\n<header class=\"entry-header\"><span style=\"color: #000080;\">Contactez nous:\u00a0<strong>Info@lagrandeecoledesaffaires.com<\/strong><\/span><\/header>\n<header><\/header>\n<header><\/header>\n<header><span style=\"color: #000080;\"><em><strong>Savoir se r\u00e9inventer.<\/strong><\/em><\/span><\/header>\n<header><\/header>\n<header><\/header>\n<header><em><strong>Formations disponibles, voir contenu sur notre site et inscription en ligne<\/strong><\/em><\/header>\n<p>J<em>e ne parle que 30% du temps et laisse le 70% \u00e0 l&rsquo;autre. Quand je parle, je donne de l&rsquo;information. Quand j&rsquo;\u00e9coute j&rsquo;en re\u00e7ois.<\/em><\/p>\n<p><strong><span style=\"color: #333399;\">CETTE FORMATION DONN\u00c9E DANS VOTRE ENTREPRISE VA G\u00c9N\u00c9RER DES R\u00c9SULTATS IMM\u00c9DIATS TR\u00c8S ENRICHISSANTS.<\/span><\/strong><\/p>\n<div id='event_wrapper'><div id='event_search_code' style='display:none;' data='category_identifier=ma%25c3%25aetrisez-vous-le-silence-1526564533&css_class=&event_category_id=&staff_id=&allow_override=0&show_expired=false&show_secondary=false&show_deleted=false&show_recurrence=true&limit=0&order_by=NULL&sort=&events_per_page=50&num_page_links_to_display=10&exclude_closed_events=false'><\/div><div id='event_container_pagination' ><div id='event_content' class='event_content'><div id=\"event_data-603\" class=\"event_data  ma%c3%aetrisez-vous-le-silence-1526564533 event-data-display event-list-display event-display-boxes ui-widget\">\n\t<h3 id=\"event_title-603\" class=\"event_title ui-widget-header ui-corner-top\"><a title=\"\u00c0 DISTANCE - Formation Le pouvoir de la Maitrise du silence\" class=\"a_event_title\" id=\"a_event_title-603\" href=\"https:\/\/lagrandeecoledesaffaires.com\/index.php\/calendrier\/?ee=603\">\u00c0 DISTANCE - Formation Le pouvoir de la Maitrise du silence<\/a>\n\t\t\t\t\t\t\t\t\t\t\t\t\t\t\t\t\t\t\t<\/h3>\n<div class=\"event-data-display ui-widget-content ui-corner-bottom\">\n\t\t\t\t\t\t\t\t\t\t\t<div class=\"event-desc\">\n\t\t\n\t\t\t<p>1 jour de 9 h \u00e0 11 h 30 et de 13 h \u00e0 15 h 30<\/p>\n\t\t<\/div>\n\t\t\t<div class=\"event-meta clearfix\">\n\t\t<p id=\"p_event_price-603\" class=\"event_price\"><span class=\"section-title\">Prix : <\/span> C$399.00<\/p>\t\t<p id=\"event_date-603\"><span class=\"section-title\">Date : <\/span>  8 juin 2026 \n\t\t\t<a  href=\"https:\/\/lagrandeecoledesaffaires.com?iCal=true&amp;current_year=2026&amp;current_month=05&amp;current_day=02&amp;current_time=072616&amp;event_id=603&amp;ee_reg_id=d89c308546ccded9691e358e3c86f8b5-69f5df578993a7.89163375&amp;contact_email=info@lagrandeecoledesaffaires.com&amp;start_year=2026&amp;start_month=06&amp;start_day=08&amp;start_time=173800&amp;end_year=2026&amp;end_month=06&amp;end_day=08&amp;end_time=173800&amp;event_summary=\u00c0 DISTANCE - Formation Le pouvoir de la Maitrise du silence&amp;ee_reg_url=https:\/\/lagrandeecoledesaffaires.com\/index.php\/calendrier\/?ee=603&amp;site_url=https:\/\/lagrandeecoledesaffaires.com&amp;organization=La Grande \u00c9cole des affaires&amp;location\" id=\"espresso_ical_603\" class=\"espresso_ical_link\" title=\"Import au format iCal\"><img decoding=\"async\" src=\"https:\/\/lagrandeecoledesaffaires.com\/wp-content\/plugins\/event-espresso\/images\/icons\/calendar_link.png\"><\/a>\t\t<\/p>\n\t<\/div>\n\n\t <p id=\"available_spaces-603\" class=\"spaces-available\"><span class=\"section-title\">Places disponibles pour cet \u00e9v\u00e9nement :<\/span> 17<\/p>\n\t\t\t\t\t\t\t<p id=\"register_link-603\" class=\"register-link-footer\">\n\t\t\t\t\t<a class=\"a_register_link ui-button ui-button-big ui-priority-primary ui-state-default ui-state-hover ui-state-focus ui-corner-all\" id=\"a_register_link-603\" href=\"https:\/\/lagrandeecoledesaffaires.com\/index.php\/calendrier\/?ee=603\" title=\"\u00c0 DISTANCE - Formation Le pouvoir de la Maitrise du silence\">R\u00e9server en ligne<\/a>\n\t\t\t\t\t\t\t\t\t<\/p>\n\t\t\n<\/div><!-- \/ .event-data-display -->\n<\/div><!-- \/ .event-display-boxes -->\n<\/div><\/div><\/div>\n","protected":false},"excerpt":{"rendered":"<p>LA PUISSANCE DE LA MA\u00ceTRISE DU SILENCE VOUS PERMETTRONT DE PROGRESSER RAPIDEMENT DANS VOTRE CHEMINEMENT PERSONNEL ET PROFESSIONNEL. UN OUTIL DE GESTION TR\u00c8S EFFICACE.\u00a0 LES PERSONNES QUE VOUS RESPECTEZ LE PLUS SONT CELLES QUI ONT D\u00c9VELOPP\u00c9 LA CAPACIT\u00c9 D&rsquo;\u00c9COUTE, LE CONTR\u00d4LE DE LEURS \u00c9MOTIONS ET DE L&rsquo;UTISATION DU SILENCE AUX MOMENTS APPROPRI\u00c9S. CELA VOUS PERMETTRA&hellip;&nbsp;<\/p>\n","protected":false},"author":2,"featured_media":8746,"parent":0,"menu_order":0,"comment_status":"closed","ping_status":"closed","template":"","meta":{"neve_meta_sidebar":"","neve_meta_container":"","neve_meta_enable_content_width":"","neve_meta_content_width":0,"neve_meta_title_alignment":"","neve_meta_author_avatar":"","neve_post_elements_order":"","neve_meta_disable_header":"","neve_meta_disable_footer":"","neve_meta_disable_title":"","footnotes":""},"class_list":["post-1997","page","type-page","status-publish","has-post-thumbnail","hentry"],"_links":{"self":[{"href":"https:\/\/lagrandeecoledesaffaires.com\/index.php\/wp-json\/wp\/v2\/pages\/1997","targetHints":{"allow":["GET"]}}],"collection":[{"href":"https:\/\/lagrandeecoledesaffaires.com\/index.php\/wp-json\/wp\/v2\/pages"}],"about":[{"href":"https:\/\/lagrandeecoledesaffaires.com\/index.php\/wp-json\/wp\/v2\/types\/page"}],"author":[{"embeddable":true,"href":"https:\/\/lagrandeecoledesaffaires.com\/index.php\/wp-json\/wp\/v2\/users\/2"}],"replies":[{"embeddable":true,"href":"https:\/\/lagrandeecoledesaffaires.com\/index.php\/wp-json\/wp\/v2\/comments?post=1997"}],"version-history":[{"count":47,"href":"https:\/\/lagrandeecoledesaffaires.com\/index.php\/wp-json\/wp\/v2\/pages\/1997\/revisions"}],"predecessor-version":[{"id":8849,"href":"https:\/\/lagrandeecoledesaffaires.com\/index.php\/wp-json\/wp\/v2\/pages\/1997\/revisions\/8849"}],"wp:featuredmedia":[{"embeddable":true,"href":"https:\/\/lagrandeecoledesaffaires.com\/index.php\/wp-json\/wp\/v2\/media\/8746"}],"wp:attachment":[{"href":"https:\/\/lagrandeecoledesaffaires.com\/index.php\/wp-json\/wp\/v2\/media?parent=1997"}],"curies":[{"name":"wp","href":"https:\/\/api.w.org\/{rel}","templated":true}]}}

LA PUISSANCE DE LA MAÎTRISE DU SILENCE

<h2><span style="color: #333399;">LA PUISSANCE DE LA MAÎTRISE DU SILENCE VOUS PERMETTRONT DE PROGRESSER RAPIDEMENT DANS VOTRE CHEMINEMENT PERSONNEL ET PROFESSIONNEL. UN OUTIL DE GESTION TRÈS EFFICACE. </span></h2>
<p><img loading="lazy" decoding="async" class="wp-image-8745 aligncenter" src="https://lagrandeecoledesaffaires.com/wp-content/uploads/2024/08/Ecoute-15-avril-300x169.jpg" alt="" width="396" height="223" srcset="https://lagrandeecoledesaffaires.com/wp-content/uploads/2024/08/Ecoute-15-avril-300x169.jpg 300w, https://lagrandeecoledesaffaires.com/wp-content/uploads/2024/08/Ecoute-15-avril-1024x577.jpg 1024w, https://lagrandeecoledesaffaires.com/wp-content/uploads/2024/08/Ecoute-15-avril-768x433.jpg 768w, https://lagrandeecoledesaffaires.com/wp-content/uploads/2024/08/Ecoute-15-avril.jpg 1126w" sizes="auto, (max-width: 396px) 100vw, 396px" /></p>
<p><span style="color: #333399;">LES PERSONNES QUE VOUS RESPECTEZ LE PLUS SONT CELLES QUI ONT DÉVELOPPÉ LA CAPACITÉ D&rsquo;ÉCOUTE, LE CONTRÔLE DE LEURS ÉMOTIONS ET DE L&rsquo;UTISATION DU SILENCE AUX MOMENTS APPROPRIÉS. CELA VOUS PERMETTRA DE MAXIMISER LA NOTION DE RESPECT QUE LES GENS VONT AVOIR À VOTRE ÉGARD ET VOUS PERMETTRA DE FAIRE DES GAINS APPRÉCIABLES.</span></p>
<ul>
<li>Le silence c&rsquo;est la parole. La grande majorité des personnes ont peur du silence et parlent pour le combler. Celui ou celle qui maîtrise la puissance du silence a une longueur d&rsquo;avance et devient un communicateur hors pair.</li>
<li><em>Savoir communiquer par le silence plutôt que par des mots. Le visage et le corps en disent plus long que bien des discours vide </em><em>de sens.</em></li>
<li>Le silence possède une puissance insoupçonnée, une compétence essentielle pour tout leader efficace. L&rsquo;écoute active consiste à saisir le message sous-jacent, les émotions et les intentions sous attendues.</li>
<li><em>Je ne parle que 30% du temps et laisse le 70% à l&rsquo;autre. Quand je parle, je donne de l&rsquo;information. Quand j&rsquo;écoute j&rsquo;en reçois.</em></li>
</ul>
<p style="padding-left: 90px; text-align: left;"><strong>  </strong></p>
<h1><strong style="color: #c70606; font-size: 18px;"><img loading="lazy" decoding="async" class="wp-image-6698 alignnone" src="https://lagrandeecoledesaffaires.com/wp-content/uploads/2022/10/ATTITUDE-relations-interpersonnelles.jpg" alt="" width="487" height="244" srcset="https://lagrandeecoledesaffaires.com/wp-content/uploads/2022/10/ATTITUDE-relations-interpersonnelles.jpg 795w, https://lagrandeecoledesaffaires.com/wp-content/uploads/2022/10/ATTITUDE-relations-interpersonnelles-300x150.jpg 300w, https://lagrandeecoledesaffaires.com/wp-content/uploads/2022/10/ATTITUDE-relations-interpersonnelles-768x384.jpg 768w" sizes="auto, (max-width: 487px) 100vw, 487px" /></strong></h1>
<h1><span style="color: #c70606;"><strong>           </strong></span></h1>
<h1><span style="color: #c70606;"><strong>Cette formation La puissance et maîtrise du silence vous permettra:</strong></span><span style="color: #c70606;"><strong> </strong></span></h1>
<ul>
<li>Les 12 attitudes en maîtrise du silence</li>
<li>Comment améliorer la communication</li>
<li>Les niveaux d&rsquo;écoute active</li>
<li>3 modes d&rsquo;écoute à éviter</li>
<li>La maîtrise du silence implique?</li>
<li>Les sources de conflit</li>
<li>Éviter la rage en utilisant le silence</li>
<li>Le langage du corps</li>
</ul>
<ul>
<li>Poser les bonnes questions</li>
<li>Reformuler</li>
<li>Refléter les sentiments perçus chez autrui</li>
<li>Les clés de l&rsquo;écoute active</li>
<li>Le processus Feedback</li>
<li>Suis-je intéressant?</li>
<li>Savoir écouter</li>
<li>Les niveaux d&rsquo;écoute</li>
<li>Écoute défensive</li>
<li>Écoute de résolution</li>
<li>Écoute de connexion</li>
<li>Les catégories de questions puissantes</li>
<li>10 principes de l&rsquo;écoute active</li>
<li>10 principes pour une parole active</li>
</ul>
<p><strong><span style="color: #333399;">POUR VOUS INSCRIRE, ALLEZ À L&rsquo;ONGLET CALENDRIER</span></strong></p>
<p><span style="color: #000000;"><em>La Grande École des Affaires se qualifie pour tous les programmes du Gouvernement pour les subventions en formation de la main-d’œuvre depuis 32 ans et est reconnue par la majorité des Ordres professionnels pour l’obtention d’unités de formation continue UFC. </em></span></p>
<h1 class="entry-header"><span style="color: #c70606;"><strong>Vidéo Conférence, Formation à distance</strong></span></h1>
<header></header>
<header class="entry-header">Choisissez une formation et inscrivez-vous à celle qui vous convient. Chaque formation se donne en 2 capsules de 2.5 heures chacune soit de 9 h à 11h30 et 13h00 à 15h30. <strong>Vous obtenez une attestation d’études de 5 heures pour chaque formation. Nous sommes <span style="color: #0000ff;"><span style="color: #333399;">reconnus par Emploi</span> <span style="color: #333399;">Québec depuis 32 ans par Emploi Québec et</span></span></strong><span style="color: #333399;"><strong> l</strong></span><strong><span style="color: #333399;">a majorité des Ordres professionnels</span> pour l’obtention d’unités de formation en continue UFC. </strong> </header>
<header></header>
<header class="entry-header">PowerPoint de qualité professionnelle lors de la formation.</header>
<header></header>
<header></header>
<header class="entry-header">Nous acceptons Visa, MasterCard, American Express et Discover.</header>
<header class="entry-header"></header>
<header class="entry-header"><u>Apprenez rapidement ce que la vie enseigne en plusieurs années avec :</u><u> lagrandeecoledesaffaires.com</u></header>
<header class="entry-header"><span style="color: #000080;">Contactez nous: <strong>Info@lagrandeecoledesaffaires.com</strong></span></header>
<header></header>
<header></header>
<header><span style="color: #000080;"><em><strong>Savoir se réinventer.</strong></em></span></header>
<header></header>
<header></header>
<header><em><strong>Formations disponibles, voir contenu sur notre site et inscription en ligne</strong></em></header>
<p>J<em>e ne parle que 30% du temps et laisse le 70% à l&rsquo;autre. Quand je parle, je donne de l&rsquo;information. Quand j&rsquo;écoute j&rsquo;en reçois.</em></p>
<p><strong><span style="color: #333399;">CETTE FORMATION DONNÉE DANS VOTRE ENTREPRISE VA GÉNÉRER DES RÉSULTATS IMMÉDIATS TRÈS ENRICHISSANTS.</span></strong></p>
<div id='event_wrapper'><div id='event_search_code' style='display:none;' data='category_identifier=ma%25c3%25aetrisez-vous-le-silence-1526564533&css_class=&event_category_id=&staff_id=&allow_override=0&show_expired=false&show_secondary=false&show_deleted=false&show_recurrence=true&limit=0&order_by=NULL&sort=&events_per_page=50&num_page_links_to_display=10&exclude_closed_events=false'></div><div id='event_container_pagination' ><div id='event_content' class='event_content'><div id="event_data-603" class="event_data  ma%c3%aetrisez-vous-le-silence-1526564533 event-data-display event-list-display event-display-boxes ui-widget">
	<h3 id="event_title-603" class="event_title ui-widget-header ui-corner-top"><a title="À DISTANCE - Formation Le pouvoir de la Maitrise du silence" class="a_event_title" id="a_event_title-603" href="https://lagrandeecoledesaffaires.com/index.php/calendrier/?ee=603">À DISTANCE - Formation Le pouvoir de la Maitrise du silence</a>
																			</h3>
<div class="event-data-display ui-widget-content ui-corner-bottom">
											<div class="event-desc">
		
			<p>1 jour de 9 h à 11 h 30 et de 13 h à 15 h 30</p>
		</div>
			<div class="event-meta clearfix">
		<p id="p_event_price-603" class="event_price"><span class="section-title">Prix : </span> C$399.00</p>		<p id="event_date-603"><span class="section-title">Date : </span>  8 juin 2026 
			<a  href="https://lagrandeecoledesaffaires.com?iCal=true&amp;current_year=2026&amp;current_month=05&amp;current_day=02&amp;current_time=072616&amp;event_id=603&amp;ee_reg_id=d89c308546ccded9691e358e3c86f8b5-69f5df578993a7.89163375&amp;contact_email=info@lagrandeecoledesaffaires.com&amp;start_year=2026&amp;start_month=06&amp;start_day=08&amp;start_time=173800&amp;end_year=2026&amp;end_month=06&amp;end_day=08&amp;end_time=173800&amp;event_summary=À DISTANCE - Formation Le pouvoir de la Maitrise du silence&amp;ee_reg_url=https://lagrandeecoledesaffaires.com/index.php/calendrier/?ee=603&amp;site_url=https://lagrandeecoledesaffaires.com&amp;organization=La Grande École des affaires&amp;location" id="espresso_ical_603" class="espresso_ical_link" title="Import au format iCal"><img decoding="async" src="https://lagrandeecoledesaffaires.com/wp-content/plugins/event-espresso/images/icons/calendar_link.png"></a>		</p>
	</div>

	 <p id="available_spaces-603" class="spaces-available"><span class="section-title">Places disponibles pour cet événement :</span> 17</p>
							<p id="register_link-603" class="register-link-footer">
					<a class="a_register_link ui-button ui-button-big ui-priority-primary ui-state-default ui-state-hover ui-state-focus ui-corner-all" id="a_register_link-603" href="https://lagrandeecoledesaffaires.com/index.php/calendrier/?ee=603" title="À DISTANCE - Formation Le pouvoir de la Maitrise du silence">Réserver en ligne</a>
									</p>
		
</div><!-- / .event-data-display -->
</div><!-- / .event-display-boxes -->
</div></div></div>

<p>LA PUISSANCE DE LA MAÎTRISE DU SILENCE VOUS PERMETTRONT DE PROGRESSER RAPIDEMENT DANS VOTRE CHEMINEMENT PERSONNEL ET PROFESSIONNEL. UN OUTIL DE GESTION TRÈS EFFICACE.  LES PERSONNES QUE VOUS RESPECTEZ LE PLUS SONT CELLES QUI ONT DÉVELOPPÉ LA CAPACITÉ D&rsquo;ÉCOUTE, LE CONTRÔLE DE LEURS ÉMOTIONS ET DE L&rsquo;UTISATION DU SILENCE AUX MOMENTS APPROPRIÉS. CELA VOUS PERMETTRA&hellip;&nbsp;</p>
