{"id":10298,"date":"2025-12-11T15:06:20","date_gmt":"2025-12-11T20:06:20","guid":{"rendered":"https:\/\/lagrandeecoledesaffaires.com\/?page_id=10298"},"modified":"2026-02-13T09:55:40","modified_gmt":"2026-02-13T14:55:40","slug":"formations-express","status":"publish","type":"page","link":"https:\/\/lagrandeecoledesaffaires.com\/index.php\/formations-express\/","title":{"rendered":"Formations Express"},"content":{"rendered":"<div id=\"pl-10298\"  class=\"panel-layout\" ><div id=\"pg-10298-0\"  class=\"panel-grid panel-no-style\" ><div id=\"pgc-10298-0-0\"  class=\"panel-grid-cell\" ><div id=\"panel-10298-0-0-0\" class=\"so-panel widget widget_sow-editor panel-first-child\" data-index=\"0\" ><div\n\t\t\t\n\t\t\tclass=\"so-widget-sow-editor so-widget-sow-editor-base\"\n\t\t\t\n\t\t>\n<div class=\"siteorigin-widget-tinymce textwidget\">\n\t<p><span class=\"txtImportant\"><strong>Capsules de formation intensive en mode express<\/strong>.<\/span><\/p>\n<p>Nouveau et tr\u00e8s adapt\u00e9 \u00e0 2026<\/p>\n<p><span class=\"txtImportant\">Suite \u00e0 la demande de nos clients nous avons mis au point des capsules de formation de 1 h 30 sur 4 sujets de gestion interreli\u00e9s pour une performance optimale. Les heures de formation ne d\u00e9range pas les horaires de travail.<\/span><\/p>\n<p><b>Parfait pour la client\u00e8le comme : <\/b>Bureaux avocats, comptables, ing\u00e9nieurs, manufacturier, transport et logistique, construction et a\u00e9rospatiale<\/p>\n<\/div>\n<\/div><\/div><div id=\"panel-10298-0-0-1\" class=\"so-panel widget widget_sow-editor\" data-index=\"1\" ><div class=\"so-rounded panel-widget-style panel-widget-style-for-10298-0-0-1\" ><div\n\t\t\t\n\t\t\tclass=\"so-widget-sow-editor so-widget-sow-editor-base\"\n\t\t\t\n\t\t>\n<div class=\"siteorigin-widget-tinymce textwidget\">\n\t<p><strong>Exemple de proposition<\/strong> de formations sous un format capsules interactives de 1h 30 chacune<\/p>\n<p><em><u>4 formations distinctes, mais interreli\u00e9es selon votre contexte.<\/u><\/em><\/p>\n<ul>\n<li><strong>J\u2019ai l\u2019attitude client<\/strong> <strong>\/ Coll\u00e8gues, <\/strong>deux capsules de 1 h 30<\/li>\n<li><strong>Le Courage manag\u00e9rial, <\/strong>deux capsules de 1 h 30<\/li>\n<li><strong>Leadership de Gestion,<\/strong> une capsule de 1 h 30<\/li>\n<li><strong>Ma\u00eetrisez le silence,<\/strong> une capsule de 1 h 30<\/li>\n<\/ul>\n<\/div>\n<\/div><\/div><\/div><div id=\"panel-10298-0-0-2\" class=\"so-panel widget widget_sow-editor\" data-index=\"2\" ><div\n\t\t\t\n\t\t\tclass=\"so-widget-sow-editor so-widget-sow-editor-base\"\n\t\t\t\n\t\t>\n<div class=\"siteorigin-widget-tinymce textwidget\">\n\t<h3 data-path-to-node=\"4\">Contenu de la Formation et Pr\u00e9paration<\/h3>\n<p data-path-to-node=\"5\">Nos formations sont <b>condens\u00e9es<\/b> (1 h 30 par capsule) et <b>adapt\u00e9es sp\u00e9cifiquement \u00e0 votre r\u00e9alit\u00e9 organisationnelle<\/b>. Chaque participant recevra un <b>manuel didactique<\/b> complet et le support de pr\u00e9sentation (PowerPoint).<\/p>\n<p data-path-to-node=\"6\">Pour garantir cette pertinence, <b>Monsieur Par\u00e9, votre formateur<\/b>, vous fera parvenir un <b>questionnaire confidentiel \u00e9court\u00e9<\/b> deux semaines avant chaque s\u00e9ance. Ce questionnaire lui permettra d'adapter le contenu aux situations actuelles ou futures de votre organisation.<\/p>\n<h3 data-path-to-node=\"7\">Avantages P\u00e9dagogiques<\/h3>\n<p data-path-to-node=\"8\">Chaque capsule est accompagn\u00e9e d\u2019un <b>manuel de cours d\u00e9taill\u00e9<\/b>. Ce manuel sert d'outil de consultation post-formation, permettant aux participants d'approfondir les notions apprises et de faciliter leur <b>mise en application concr\u00e8te<\/b> au quotidien.<\/p>\n<h3 data-path-to-node=\"9\">Financement et Cr\u00e9dits<\/h3>\n<ul data-path-to-node=\"10\">\n<li>\n<p data-path-to-node=\"10,0,0\"><b>Reconnaissance et UFC :<\/b> Chaque heure de formation vous donne droit \u00e0 <b>1 unit\u00e9 de formation continue (UFC)<\/b>, attest\u00e9e pour Emploi Qu\u00e9bec. Nous sommes fiers d'\u00eatre reconnus par Emploi Qu\u00e9bec depuis 32 ans.<\/p>\n<\/li>\n<li>\n<p data-path-to-node=\"10,1,0\"><b>Subvention disponible :<\/b> Emploi Qu\u00e9bec, dans votre r\u00e9gion, peut subventionner jusqu\u2019\u00e0 <b>50 % des co\u00fbts totaux<\/b> de la formation. Cette subvention peut couvrir les frais de formation ainsi que les salaires des employ\u00e9s participants.<\/p>\n<\/li>\n<\/ul>\n<h3 data-path-to-node=\"11\">Investissement<\/h3>\n<p data-path-to-node=\"12\">L'investissement pour cette formation est de <b>1595 $<\/b> par capsule de 1h30 (plus taxes).<\/p>\n<\/div>\n<\/div><\/div><div id=\"panel-10298-0-0-3\" class=\"so-panel widget widget_sow-editor panel-last-child\" data-index=\"3\" ><div class=\"so-rounded panel-widget-style panel-widget-style-for-10298-0-0-3\" ><div\n\t\t\t\n\t\t\tclass=\"so-widget-sow-editor so-widget-sow-editor-base\"\n\t\t\t\n\t\t>\n<div class=\"siteorigin-widget-tinymce textwidget\">\n\t<p><strong>FORMAT ET APPROCHE P\u00c9DAGOGIQUE<\/strong><\/p>\n<ul>\n<li>Capsules <strong>interactives et concr\u00e8tes<\/strong>, favorisant la participation et les \u00e9changes.<\/li>\n<li>Contenu <strong>condens\u00e9 et adapt\u00e9 \u00e0 votre contexte<\/strong>.<\/li>\n<li>Remise d\u2019un <strong>manuel didactique<\/strong>. Conception et utilisation d\u2019un <strong>PowerPoint<\/strong> de qualit\u00e9 professionnel qui sera utilis\u00e9 durant la formation.<\/li>\n<li>Avant chaque module, un <strong>questionnaire personnalis\u00e9<\/strong> (achemin\u00e9 deux semaines avant la date pr\u00e9vue) permettra d\u2019ajuster le contenu aux enjeux actuels de votre organisation.<br \/>\n<em>(Les r\u00e9ponses demeurent strictement confidentielles.)<\/em><strong>\u00a0<\/strong><\/li>\n<\/ul>\n<p><strong>RECONNAISSANCE<\/strong><\/p>\n<ul>\n<li><strong>Reconnaissance :<\/strong> 1 UFC (Unit\u00e9 de Formation Continue) par heure de formation<\/li>\n<li><strong>Attestation officielle<\/strong> remise \u00e0 chaque participant<\/li>\n<li><strong>Reconnu par Emploi Qu\u00e9bec<\/strong><\/li>\n<\/ul>\n<p><strong>LES B\u00c9N\u00c9FICES POUR VOS \u00c9QUIPES<\/strong><\/p>\n<p>Ces formations visent \u00e0 :<\/p>\n<ul>\n<li>Renforcer la <strong>coh\u00e9sion et la collaboration<\/strong> entre coll\u00e8gues ;<\/li>\n<li>Renforcer la coh\u00e9sion et la collaboration avec les clients afin de cr\u00e9er un <strong>climat de confiance accrue et du R\u00e9f\u00e9rencement<\/strong>.<\/li>\n<li>D\u00e9velopper le <strong>leadership de gestion et le courage manag\u00e9rial<\/strong> ;<\/li>\n<li>Accro\u00eetre la <strong>confiance et la ma\u00eetrise \u00e9motionnelle<\/strong> dans les interactions ;<\/li>\n<li>Favoriser une <strong>communication efficace, respectueuse et influente<\/strong> ;<\/li>\n<li>Outiller les participants \u00e0 <strong>appliquer imm\u00e9diatement<\/strong> les apprentissages dans leur milieu.<\/li>\n<\/ul>\n<p>Chaque participant repart avec un <strong>outil de r\u00e9f\u00e9rence<\/strong> concret et des strat\u00e9gies imm\u00e9diatement applicables.<\/p>\n<\/div>\n<\/div><\/div><\/div><\/div><div id=\"pgc-10298-0-1\"  class=\"panel-grid-cell\" ><div id=\"panel-10298-0-1-0\" class=\"so-panel widget widget_sow-editor panel-first-child\" data-index=\"4\" ><div\n\t\t\t\n\t\t\tclass=\"so-widget-sow-editor so-widget-sow-editor-base\"\n\t\t\t\n\t\t>\n<div class=\"siteorigin-widget-tinymce textwidget\">\n\t<p><img loading=\"lazy\" decoding=\"async\" class=\"alignleft size-full wp-image-10303\" src=\"https:\/\/lagrandeecoledesaffaires.com\/wp-content\/uploads\/2025\/12\/formation-express.png\" alt=\"\" width=\"1024\" height=\"748\" srcset=\"https:\/\/lagrandeecoledesaffaires.com\/wp-content\/uploads\/2025\/12\/formation-express.png 1024w, https:\/\/lagrandeecoledesaffaires.com\/wp-content\/uploads\/2025\/12\/formation-express-300x219.png 300w, https:\/\/lagrandeecoledesaffaires.com\/wp-content\/uploads\/2025\/12\/formation-express-768x561.png 768w\" sizes=\"auto, (max-width: 1024px) 100vw, 1024px\" \/><\/p>\n<\/div>\n<\/div><\/div><div id=\"panel-10298-0-1-1\" class=\"so-panel widget widget_sow-editor\" data-index=\"5\" ><div\n\t\t\t\n\t\t\tclass=\"so-widget-sow-editor so-widget-sow-editor-base\"\n\t\t\t\n\t\t>\n<div class=\"siteorigin-widget-tinymce textwidget\">\n\t<p>Heures de formation : de 11H45 A 13h15 <strong>OU<\/strong> DE 7h45 a 9H15.<br \/>\nCet horaire tr\u00e8s flexible et interactionnel <strong>ne d\u00e9range pas les horaires de travail<\/strong>.<\/p>\n<table>\n<thead>\n<tr>\n<td><strong>Formation<\/strong><\/td>\n<td><strong>Nombre de capsules<\/strong><\/td>\n<td><\/td>\n<td><strong>Dur\u00e9e<\/strong><\/td>\n<\/tr>\n<\/thead>\n<tbody>\n<tr>\n<td><strong>J\u2019ai l\u2019attitude client \u2013 Coll\u00e8gues<\/strong><\/td>\n<td>2 capsules<\/td>\n<td><\/td>\n<td>1 h 30 chacune<\/td>\n<\/tr>\n<tr>\n<td><strong>Le courage manag\u00e9rial<\/strong><\/td>\n<td>2 capsules<\/td>\n<td><\/td>\n<td>1 h 30 chacune<\/td>\n<\/tr>\n<tr>\n<td><strong>Leadership de gestion<\/strong><\/td>\n<td>1 capsule<\/td>\n<td><\/td>\n<td>1 h 30<\/td>\n<\/tr>\n<tr>\n<td><strong>Ma\u00eetrisez-vous le silence<\/strong><\/td>\n<td>1 capsule<\/td>\n<td><\/td>\n<td>1 h 30<\/td>\n<\/tr>\n<\/tbody>\n<\/table>\n<p>Les <b>deuxi\u00e8me capsule des formation<\/b>\u00a0\u00a0<b>\"J'ai l'attitude client-coll\u00e8gues\"<\/b> et\u00a0 <b>\"Courage manag\u00e9rial\" <\/b>\u00a0se tiendront le <b>quatri\u00e8me mardi du m\u00eame mois<\/b>.<\/p>\n<div id='event_wrapper'><div id='event_search_code' style='display:none;' data='category_identifier=ma%25c3%25aetrisez-vous-le-silence-1526564533&css_class=&event_category_id=&staff_id=&allow_override=0&show_expired=false&show_secondary=false&show_deleted=false&show_recurrence=true&limit=0&order_by=NULL&sort=&events_per_page=50&num_page_links_to_display=10&exclude_closed_events=false'><\/div><div id='event_container_pagination' ><div id='event_content' class='event_content'><div id=\"event_data-603\" class=\"event_data  ma%c3%aetrisez-vous-le-silence-1526564533 event-data-display event-list-display event-display-boxes ui-widget\">\n\t<h3 id=\"event_title-603\" class=\"event_title ui-widget-header ui-corner-top\"><a title=\"\u00c0 DISTANCE - Formation Le pouvoir de la Maitrise du silence\" class=\"a_event_title\" id=\"a_event_title-603\" href=\"https:\/\/lagrandeecoledesaffaires.com\/index.php\/calendrier\/?ee=603\">\u00c0 DISTANCE - Formation Le pouvoir de la Maitrise du silence<\/a>\n\t\t\t\t\t\t\t\t\t\t\t\t\t\t\t\t\t\t\t<\/h3>\n<div class=\"event-data-display ui-widget-content ui-corner-bottom\">\n\t\t\t\t\t\t\t\t\t\t\t<div class=\"event-desc\">\n\t\t\n\t\t\t<p>1 jour de 9 h \u00e0 11 h 30 et de 13 h \u00e0 15 h 30<\/p>\n\t\t<\/div>\n\t\t\t<div class=\"event-meta clearfix\">\n\t\t<p id=\"p_event_price-603\" class=\"event_price\"><span class=\"section-title\">Prix : <\/span> C$399.00<\/p>\t\t<p id=\"event_date-603\"><span class=\"section-title\">Date : <\/span>  8 juin 2026 \n\t\t\t<a  href=\"https:\/\/lagrandeecoledesaffaires.com?iCal=true&amp;current_year=2026&amp;current_month=04&amp;current_day=20&amp;current_time=121111&amp;event_id=603&amp;ee_reg_id=0dcf4ef09dfa4404be71d7cc672c0c19-69e6501e971619.94785131&amp;contact_email=info@lagrandeecoledesaffaires.com&amp;start_year=2026&amp;start_month=06&amp;start_day=08&amp;start_time=173800&amp;end_year=2026&amp;end_month=06&amp;end_day=08&amp;end_time=173800&amp;event_summary=\u00c0 DISTANCE - Formation Le pouvoir de la Maitrise du silence&amp;ee_reg_url=https:\/\/lagrandeecoledesaffaires.com\/index.php\/calendrier\/?ee=603&amp;site_url=https:\/\/lagrandeecoledesaffaires.com&amp;organization=La Grande \u00c9cole des affaires&amp;location\" id=\"espresso_ical_603\" class=\"espresso_ical_link\" title=\"Import au format iCal\"><img decoding=\"async\" src=\"https:\/\/lagrandeecoledesaffaires.com\/wp-content\/plugins\/event-espresso\/images\/icons\/calendar_link.png\"><\/a>\t\t<\/p>\n\t<\/div>\n\n\t <p id=\"available_spaces-603\" class=\"spaces-available\"><span class=\"section-title\">Places disponibles pour cet \u00e9v\u00e9nement :<\/span> 17<\/p>\n\t\t\t\t\t\t\t<p id=\"register_link-603\" class=\"register-link-footer\">\n\t\t\t\t\t<a class=\"a_register_link ui-button ui-button-big ui-priority-primary ui-state-default ui-state-hover ui-state-focus ui-corner-all\" id=\"a_register_link-603\" href=\"https:\/\/lagrandeecoledesaffaires.com\/index.php\/calendrier\/?ee=603\" title=\"\u00c0 DISTANCE - Formation Le pouvoir de la Maitrise du silence\">R\u00e9server en ligne<\/a>\n\t\t\t\t\t\t\t\t\t<\/p>\n\t\t\n<\/div><!-- \/ .event-data-display -->\n<\/div><!-- \/ .event-display-boxes -->\n<\/div><\/div><\/div>\n<p>&nbsp;<\/p>\n<\/div>\n<\/div><\/div><div id=\"panel-10298-0-1-2\" class=\"so-panel widget widget_sow-accordion\" data-index=\"6\" ><div\n\t\t\t\n\t\t\tclass=\"so-widget-sow-accordion so-widget-sow-accordion-default-268de2afc4dc-10298\"\n\t\t\t\n\t\t><h3 class=\"widget-title\">FAQ<\/h3><div>\n\t<div class=\"sow-accordion\">\n\t\t\t<div class=\"sow-accordion-panel\n\t\t\t\t\t\"\n\t\t\t\tdata-anchor-id=\"quel-est-le-nombre-maximal-de-participants-par-capsule\">\n\t\t\t\t\t<div class=\"sow-accordion-panel-header-container\" role=\"heading\" aria-level=\"2\">\n\t\t\t\t\t<div class=\"sow-accordion-panel-header\" tabindex=\"0\" role=\"button\" id=\"accordion-label-quel-est-le-nombre-maximal-de-participants-par-capsule\" aria-controls=\"accordion-content-quel-est-le-nombre-maximal-de-participants-par-capsule\" aria-expanded=\"false\">\n\t\t\t\t\t\t<div class=\"sow-accordion-title sow-accordion-title-icon-left\">\n\t\t\t\t\t\t\t\t\t\t\t\t\t\tQuel est le nombre maximal de participants par capsule ?\t\t\t\t\t\t\t\t\t\t\t\t\t<\/div>\n\t\t\t\t\t\t<div class=\"sow-accordion-open-close-button\">\n\t\t\t\t\t\t\t<div class=\"sow-accordion-open-button\">\n\t\t\t\t\t\t\t\t<span class=\"sow-icon-ionicons\" data-sow-icon=\"&#xf218;\"\n\t\t \n\t\taria-hidden=\"true\"><\/span>\t\t\t\t\t\t\t<\/div>\n\t\t\t\t\t\t\t<div class=\"sow-accordion-close-button\">\n\t\t\t\t\t\t\t\t<span class=\"sow-icon-ionicons\" data-sow-icon=\"&#xf209;\"\n\t\t \n\t\taria-hidden=\"true\"><\/span>\t\t\t\t\t\t\t<\/div>\n\t\t\t\t\t\t<\/div>\n\t\t\t\t\t<\/div>\n\t\t\t\t<\/div>\n\n\t\t\t<div\n\t\t\t\tclass=\"sow-accordion-panel-content\"\n\t\t\t\trole=\"region\"\n\t\t\t\taria-labelledby=\"accordion-label-quel-est-le-nombre-maximal-de-participants-par-capsule\"\n\t\t\t\tid=\"accordion-content-quel-est-le-nombre-maximal-de-participants-par-capsule\"\n\t\t\t\tstyle=\"display: none;\"\t\t\t>\n\t\t\t\t<div class=\"sow-accordion-panel-border\">\n\t\t\t\t\t<p>Le maximum de participant est de 12.<\/p>\n\t\t\t\t<\/div>\n\t\t\t<\/div>\n\t\t<\/div>\n\t\t\t<div class=\"sow-accordion-panel\n\t\t\t\t\t\"\n\t\t\t\tdata-anchor-id=\"les-formations-sont-elles-offertes-en-presentiel-ou-a-distance\">\n\t\t\t\t\t<div class=\"sow-accordion-panel-header-container\" role=\"heading\" aria-level=\"2\">\n\t\t\t\t\t<div class=\"sow-accordion-panel-header\" tabindex=\"0\" role=\"button\" id=\"accordion-label-les-formations-sont-elles-offertes-en-pr%c3%a9sentiel-ou-%c3%a0-distance\" aria-controls=\"accordion-content-les-formations-sont-elles-offertes-en-pr%c3%a9sentiel-ou-%c3%a0-distance\" aria-expanded=\"false\">\n\t\t\t\t\t\t<div class=\"sow-accordion-title sow-accordion-title-icon-left\">\n\t\t\t\t\t\t\t\t\t\t\t\t\t\tLes formations sont-elles offertes en pr\u00e9sentiel ou \u00e0 distance ?\t\t\t\t\t\t\t\t\t\t\t\t\t<\/div>\n\t\t\t\t\t\t<div class=\"sow-accordion-open-close-button\">\n\t\t\t\t\t\t\t<div class=\"sow-accordion-open-button\">\n\t\t\t\t\t\t\t\t<span class=\"sow-icon-ionicons\" data-sow-icon=\"&#xf218;\"\n\t\t \n\t\taria-hidden=\"true\"><\/span>\t\t\t\t\t\t\t<\/div>\n\t\t\t\t\t\t\t<div class=\"sow-accordion-close-button\">\n\t\t\t\t\t\t\t\t<span class=\"sow-icon-ionicons\" data-sow-icon=\"&#xf209;\"\n\t\t \n\t\taria-hidden=\"true\"><\/span>\t\t\t\t\t\t\t<\/div>\n\t\t\t\t\t\t<\/div>\n\t\t\t\t\t<\/div>\n\t\t\t\t<\/div>\n\n\t\t\t<div\n\t\t\t\tclass=\"sow-accordion-panel-content\"\n\t\t\t\trole=\"region\"\n\t\t\t\taria-labelledby=\"accordion-label-les-formations-sont-elles-offertes-en-pr%c3%a9sentiel-ou-%c3%a0-distance\"\n\t\t\t\tid=\"accordion-content-les-formations-sont-elles-offertes-en-pr%c3%a9sentiel-ou-%c3%a0-distance\"\n\t\t\t\tstyle=\"display: none;\"\t\t\t>\n\t\t\t\t<div class=\"sow-accordion-panel-border\">\n\t\t\t\t\t<p>La formation est offerte en pr\u00e9sentiel ou a distance. Pour une formation en pr\u00e9sentielle, un frais suppl\u00e9mentaire sera ajout\u00e9 selon la distance \u00e0 parcourir.<\/p>\n\t\t\t\t<\/div>\n\t\t\t<\/div>\n\t\t<\/div>\n\t\t\t<div class=\"sow-accordion-panel\n\t\t\t\t\t\"\n\t\t\t\tdata-anchor-id=\"est-ce-que-le-contenu-est-le-meme-pour-toutes-les-entreprises\">\n\t\t\t\t\t<div class=\"sow-accordion-panel-header-container\" role=\"heading\" aria-level=\"2\">\n\t\t\t\t\t<div class=\"sow-accordion-panel-header\" tabindex=\"0\" role=\"button\" id=\"accordion-label-est-ce-que-le-contenu-est-le-m%c3%aame-pour-toutes-les-entreprises\" aria-controls=\"accordion-content-est-ce-que-le-contenu-est-le-m%c3%aame-pour-toutes-les-entreprises\" aria-expanded=\"false\">\n\t\t\t\t\t\t<div class=\"sow-accordion-title sow-accordion-title-icon-left\">\n\t\t\t\t\t\t\t\t\t\t\t\t\t\tEst-ce que le contenu est le m\u00eame pour toutes les entreprises ? \t\t\t\t\t\t\t\t\t\t\t\t\t<\/div>\n\t\t\t\t\t\t<div class=\"sow-accordion-open-close-button\">\n\t\t\t\t\t\t\t<div class=\"sow-accordion-open-button\">\n\t\t\t\t\t\t\t\t<span class=\"sow-icon-ionicons\" data-sow-icon=\"&#xf218;\"\n\t\t \n\t\taria-hidden=\"true\"><\/span>\t\t\t\t\t\t\t<\/div>\n\t\t\t\t\t\t\t<div class=\"sow-accordion-close-button\">\n\t\t\t\t\t\t\t\t<span class=\"sow-icon-ionicons\" data-sow-icon=\"&#xf209;\"\n\t\t \n\t\taria-hidden=\"true\"><\/span>\t\t\t\t\t\t\t<\/div>\n\t\t\t\t\t\t<\/div>\n\t\t\t\t\t<\/div>\n\t\t\t\t<\/div>\n\n\t\t\t<div\n\t\t\t\tclass=\"sow-accordion-panel-content\"\n\t\t\t\trole=\"region\"\n\t\t\t\taria-labelledby=\"accordion-label-est-ce-que-le-contenu-est-le-m%c3%aame-pour-toutes-les-entreprises\"\n\t\t\t\tid=\"accordion-content-est-ce-que-le-contenu-est-le-m%c3%aame-pour-toutes-les-entreprises\"\n\t\t\t\tstyle=\"display: none;\"\t\t\t>\n\t\t\t\t<div class=\"sow-accordion-panel-border\">\n\t\t\t\t\t<p>Non. Bien que les th\u00e8mes soient d\u00e9finis, GEA adapte chaque session gr\u00e2ce \u00e0 un questionnaire confidentiel envoy\u00e9 deux semaines \u00e0 l'avance.<\/p>\n<p>Cela permet d'aborder vos enjeux r\u00e9els, que vous soyez dans le secteur de l'a\u00e9rospatiale, de la construction ou des services professionnels.<\/p>\n\t\t\t\t<\/div>\n\t\t\t<\/div>\n\t\t<\/div>\n\t\t\t<div class=\"sow-accordion-panel\n\t\t\t\t\t\"\n\t\t\t\tdata-anchor-id=\"pouvons-nous-choisir-seulement-certaines-capsules\">\n\t\t\t\t\t<div class=\"sow-accordion-panel-header-container\" role=\"heading\" aria-level=\"2\">\n\t\t\t\t\t<div class=\"sow-accordion-panel-header\" tabindex=\"0\" role=\"button\" id=\"accordion-label-pouvons-nous-choisir-seulement-certaines-capsules\" aria-controls=\"accordion-content-pouvons-nous-choisir-seulement-certaines-capsules\" aria-expanded=\"false\">\n\t\t\t\t\t\t<div class=\"sow-accordion-title sow-accordion-title-icon-left\">\n\t\t\t\t\t\t\t\t\t\t\t\t\t\tPouvons-nous choisir seulement certaines capsules ? \t\t\t\t\t\t\t\t\t\t\t\t\t<\/div>\n\t\t\t\t\t\t<div class=\"sow-accordion-open-close-button\">\n\t\t\t\t\t\t\t<div class=\"sow-accordion-open-button\">\n\t\t\t\t\t\t\t\t<span class=\"sow-icon-ionicons\" data-sow-icon=\"&#xf218;\"\n\t\t \n\t\taria-hidden=\"true\"><\/span>\t\t\t\t\t\t\t<\/div>\n\t\t\t\t\t\t\t<div class=\"sow-accordion-close-button\">\n\t\t\t\t\t\t\t\t<span class=\"sow-icon-ionicons\" data-sow-icon=\"&#xf209;\"\n\t\t \n\t\taria-hidden=\"true\"><\/span>\t\t\t\t\t\t\t<\/div>\n\t\t\t\t\t\t<\/div>\n\t\t\t\t\t<\/div>\n\t\t\t\t<\/div>\n\n\t\t\t<div\n\t\t\t\tclass=\"sow-accordion-panel-content\"\n\t\t\t\trole=\"region\"\n\t\t\t\taria-labelledby=\"accordion-label-pouvons-nous-choisir-seulement-certaines-capsules\"\n\t\t\t\tid=\"accordion-content-pouvons-nous-choisir-seulement-certaines-capsules\"\n\t\t\t\tstyle=\"display: none;\"\t\t\t>\n\t\t\t\t<div class=\"sow-accordion-panel-border\">\n\t\t\t\t\t<p>Oui. Bien que les 4 th\u00e8mes soient interreli\u00e9s pour une performance optimale, nous pouvons adapter la s\u00e9lection en fonction de vos besoins sp\u00e9cifiques et de votre contexte organisationnel.<\/p>\n\t\t\t\t<\/div>\n\t\t\t<\/div>\n\t\t<\/div>\n\t\t\t<div class=\"sow-accordion-panel\n\t\t\t\t\t\"\n\t\t\t\tdata-anchor-id=\"comment-fonctionne-la-subvention-demploi-quebec\">\n\t\t\t\t\t<div class=\"sow-accordion-panel-header-container\" role=\"heading\" aria-level=\"2\">\n\t\t\t\t\t<div class=\"sow-accordion-panel-header\" tabindex=\"0\" role=\"button\" id=\"accordion-label-comment-fonctionne-la-subvention-demploi-qu%c3%a9bec\" aria-controls=\"accordion-content-comment-fonctionne-la-subvention-demploi-qu%c3%a9bec\" aria-expanded=\"false\">\n\t\t\t\t\t\t<div class=\"sow-accordion-title sow-accordion-title-icon-left\">\n\t\t\t\t\t\t\t\t\t\t\t\t\t\tComment fonctionne la subvention d'Emploi Qu\u00e9bec ? \t\t\t\t\t\t\t\t\t\t\t\t\t<\/div>\n\t\t\t\t\t\t<div class=\"sow-accordion-open-close-button\">\n\t\t\t\t\t\t\t<div class=\"sow-accordion-open-button\">\n\t\t\t\t\t\t\t\t<span class=\"sow-icon-ionicons\" data-sow-icon=\"&#xf218;\"\n\t\t \n\t\taria-hidden=\"true\"><\/span>\t\t\t\t\t\t\t<\/div>\n\t\t\t\t\t\t\t<div class=\"sow-accordion-close-button\">\n\t\t\t\t\t\t\t\t<span class=\"sow-icon-ionicons\" data-sow-icon=\"&#xf209;\"\n\t\t \n\t\taria-hidden=\"true\"><\/span>\t\t\t\t\t\t\t<\/div>\n\t\t\t\t\t\t<\/div>\n\t\t\t\t\t<\/div>\n\t\t\t\t<\/div>\n\n\t\t\t<div\n\t\t\t\tclass=\"sow-accordion-panel-content\"\n\t\t\t\trole=\"region\"\n\t\t\t\taria-labelledby=\"accordion-label-comment-fonctionne-la-subvention-demploi-qu%c3%a9bec\"\n\t\t\t\tid=\"accordion-content-comment-fonctionne-la-subvention-demploi-qu%c3%a9bec\"\n\t\t\t\tstyle=\"display: none;\"\t\t\t>\n\t\t\t\t<div class=\"sow-accordion-panel-border\">\n\t\t\t\t\t<p>Emploi Qu\u00e9bec peut rembourser jusqu\u2019\u00e0 50 % des co\u00fbts totaux (honoraires du formateur et salaires des participants). Nous vous recommandons de contacter votre centre local d'emploi (CLE) pour valider votre admissibilit\u00e9.<\/p>\n\t\t\t\t<\/div>\n\t\t\t<\/div>\n\t\t<\/div>\n\t\t<\/div>\n<\/div>\n<\/div><\/div><div id=\"panel-10298-0-1-3\" class=\"so-panel widget widget_sow-editor\" data-index=\"7\" ><div\n\t\t\t\n\t\t\tclass=\"so-widget-sow-editor so-widget-sow-editor-base\"\n\t\t\t\n\t\t>\n<div class=\"siteorigin-widget-tinymce textwidget\">\n\t<h2><\/h2>\n<h2>Cette formation vous int\u00e9resse ?<br \/>\nContactez-nous<\/h2>\n<\/div>\n<\/div><\/div><div id=\"panel-10298-0-1-4\" class=\"so-panel widget widget_sow-contact-form panel-last-child\" data-index=\"8\" ><div\n\t\t\t\n\t\t\tclass=\"so-widget-sow-contact-form so-widget-sow-contact-form-default-27da056a8e04-10298\"\n\t\t\t\n\t\t>\t<form\n\t\taction=\"\/index.php\/wp-json\/wp\/v2\/pages\/10298\"\n\t\tmethod=\"POST\"\n\t\tclass=\"sow-contact-form\"\n\t\tid=\"contact-form-c292\"\n\t>\n\n\t\t\n\t\t            <p><em>Les champs marqu\u00e9s d\u2019un * sont obligatoires<\/em><\/p>\n\t\t\t\t\t\t<div class=\"sow-form-field sow-form-field-name\">\n\t\t\t\t\t\t\t\t<div class=\"sow-field-container\">\n\t\t\t\t\t\t\t<input\n\t\t\ttype=\"text\"\n\t\t\tname=\"votre-nom-1\"\n\t\t\tid=\"sow-contact-form-field-votre-nom-1\"\n\t\t\tvalue=\"\"\n\t\t\tclass=\"sow-text-field\"\n\t\t\tplaceholder=\"Votre nom*\"\t\t\t\t\t\/>\n\t\t\t\t\t\t<\/div>\n\t\t\t\t\t\t\t<\/div>\n\t\t\t\t\t\t<div class=\"sow-form-field sow-form-field-email\">\n\t\t\t\t\t\t\t\t<div class=\"sow-field-container\">\n\t\t\t\t\t\t\t<input\n\t\t\ttype=\"email\"\n\t\t\tname=\"votre-adresse-de-messagerie-1\"\n\t\t\tid=\"sow-contact-form-field-votre-adresse-de-messagerie-1\"\n\t\t\tvalue=\"\"\n\t\t\tclass=\"sow-text-field\"placeholder=\"Votre adresse de messagerie*\"\t\t\t\t\t\t\t\t\/>\n\t\t\t\t\t\t<\/div>\n\t\t\t\t\t\t\t<\/div>\n\t\t\t\t\t\t<div class=\"sow-form-field sow-form-field-textarea\">\n\t\t\t\t\t\t\t\t<div class=\"sow-field-container\">\n\t\t\t\t\t\t\t<textarea\n\t\t\tname=\"message-1\"\n\t\t\tid=\"sow-contact-form-field-message-1\"\n\t\t\trows=\"10\"\n\t\t\tplaceholder=\"Message*\"\t\t\t\t\t><\/textarea>\n\t\t\t\t\t\t<\/div>\n\t\t\t\t\t\t\t<\/div>\n\t\t\t\n\t\t\n\t\t<div class=\"sow-submit-wrapper \n\t\tsow-submit-styled\t\t\">\n\n\t\t\t<button\n\t\t\t\ttype=\"submit\"\n\t\t\t\tclass=\"sow-submit\n\t\t\t\t\t\t\t\t\"\n\t\t\t\t\t\t\t>\n\t\t\t\tContactez-nous\t\t\t<\/button>\n\t\t<\/div>\n\t\t\t\t<input\n\t\t\ttype=\"hidden\"\n\t\t\tname=\"instance_hash-1\"\n\t\t\tvalue=\"c292168e\"\n\t\t\/>\n\n\t\t<input type=\"hidden\" id=\"_wpnonce\" name=\"_wpnonce\" value=\"2ffb9885ef\" \/><input type=\"hidden\" name=\"_wp_http_referer\" value=\"\/index.php\/wp-json\/wp\/v2\/pages\/10298\" \/>\t<\/form>\n\t<\/div><\/div><\/div><\/div><\/div>","protected":false},"excerpt":{"rendered":"<p>Capsules de formation intensive en mode express. Nouveau et tr\u00e8s adapt\u00e9 \u00e0 2026 Suite \u00e0 la demande de nos clients nous avons mis au point des capsules de formation de 1 h 30 sur 4 sujets de gestion interreli\u00e9s pour une performance optimale. Les heures de formation ne d\u00e9range pas les horaires de travail. Parfait&hellip;&nbsp;<\/p>\n","protected":false},"author":1,"featured_media":0,"parent":0,"menu_order":0,"comment_status":"closed","ping_status":"closed","template":"","meta":{"neve_meta_sidebar":"","neve_meta_container":"","neve_meta_enable_content_width":"off","neve_meta_content_width":100,"neve_meta_title_alignment":"","neve_meta_author_avatar":"","neve_post_elements_order":"","neve_meta_disable_header":"","neve_meta_disable_footer":"","neve_meta_disable_title":"","footnotes":""},"class_list":["post-10298","page","type-page","status-publish","hentry"],"_links":{"self":[{"href":"https:\/\/lagrandeecoledesaffaires.com\/index.php\/wp-json\/wp\/v2\/pages\/10298","targetHints":{"allow":["GET"]}}],"collection":[{"href":"https:\/\/lagrandeecoledesaffaires.com\/index.php\/wp-json\/wp\/v2\/pages"}],"about":[{"href":"https:\/\/lagrandeecoledesaffaires.com\/index.php\/wp-json\/wp\/v2\/types\/page"}],"author":[{"embeddable":true,"href":"https:\/\/lagrandeecoledesaffaires.com\/index.php\/wp-json\/wp\/v2\/users\/1"}],"replies":[{"embeddable":true,"href":"https:\/\/lagrandeecoledesaffaires.com\/index.php\/wp-json\/wp\/v2\/comments?post=10298"}],"version-history":[{"count":20,"href":"https:\/\/lagrandeecoledesaffaires.com\/index.php\/wp-json\/wp\/v2\/pages\/10298\/revisions"}],"predecessor-version":[{"id":10534,"href":"https:\/\/lagrandeecoledesaffaires.com\/index.php\/wp-json\/wp\/v2\/pages\/10298\/revisions\/10534"}],"wp:attachment":[{"href":"https:\/\/lagrandeecoledesaffaires.com\/index.php\/wp-json\/wp\/v2\/media?parent=10298"}],"curies":[{"name":"wp","href":"https:\/\/api.w.org\/{rel}","templated":true}]}}